AnonSec Shell
Server IP : 221.132.30.236  /  Your IP : 216.73.216.91   [ Reverse IP ]
Web Server : Apache
System : Linux web3.trangwebvang.net 2.6.32-954.3.5.lve1.4.86.el6.x86_64 #1 SMP Tue Aug 31 17:08:39 UTC 2021 x86_64
User : cherishhotel ( 944)
PHP Version : 5.6.40
Disable Function : exec, system,passthru,shell_exec,escapeshellarg,escapeshellcmd,proc_close,proc_open,ini_alter,popen,show_source,proc_nice, proc_terminate, proc_get_status, proc_close, pfsockopen, leak, apache_child_terminate, posix_kill, posix_mkfifo, posix_setpgid, posix_setsid, posix_setuid,dl,symlink
Domains : 0 Domains
MySQL : ON  |  cURL : ON  |  WGET : ON  |  Perl : ON  |  Python : ON  |  Sudo : OFF  |  Pkexec : OFF
Directory :  /home2/cherishhotel/access-logs/

Upload File :
current_dir [ Writeable ] document_root [ Writeable ]

 

Command :


[ HOME ]     [ BACKUP SHELL ]     [ JUMPING ]     [ MASS DEFACE ]     [ SCAN ROOT ]     [ SYMLINK ]     

Current File : /home2/cherishhotel/access-logs/cherishhotel.com-ssl_log
57.141.2.18 - - [08/Jun/2025:19:08:55 +0700] "GET /septemviri/281708826 HTTP/1.1" 404 - "-" "meta-externalagent/1.1 (+https://developers.facebook.com/docs/sharing/webmasters/crawler)"
57.141.2.23 - - [08/Jun/2025:19:08:56 +0700] "GET /compulsively838412444 HTTP/1.1" 404 - "-" "meta-externalagent/1.1 (+https://developers.facebook.com/docs/sharing/webmasters/crawler)"
57.141.2.15 - - [08/Jun/2025:19:08:57 +0700] "GET /howitzer/424910823 HTTP/1.1" 404 - "-" "meta-externalagent/1.1 (+https://developers.facebook.com/docs/sharing/webmasters/crawler)"
57.141.2.8 - - [08/Jun/2025:19:08:58 +0700] "GET /problematic/svs809419668 HTTP/1.1" 404 - "-" "meta-externalagent/1.1 (+https://developers.facebook.com/docs/sharing/webmasters/crawler)"
57.141.2.6 - - [08/Jun/2025:19:08:58 +0700] "GET /muttered73602439 HTTP/1.1" 404 - "-" "meta-externalagent/1.1 (+https://developers.facebook.com/docs/sharing/webmasters/crawler)"
216.73.216.91 - - [08/Jun/2025:19:08:58 +0700] "GET /wp-content/plugins/js_composer/assets/lib/json-js/?C=M&O=D HTTP/1.1" 200 730 "-" "Mozilla/5.0 AppleWebKit/537.36 (KHTML, like Gecko; compatible; ClaudeBot/1.0; +claudebot@anthropic.com)"
216.73.216.91 - - [08/Jun/2025:19:08:59 +0700] "GET /wp-content/plugins/file-manager-advanced/application/library/codemirror/mode/htmlmixed/?C=N&O=D HTTP/1.1" 200 839 "-" "Mozilla/5.0 AppleWebKit/537.36 (KHTML, like Gecko; compatible; ClaudeBot/1.0; +claudebot@anthropic.com)"
216.73.216.91 - - [08/Jun/2025:19:08:59 +0700] "GET /wp-content/plugins/file-manager-advanced/application/library/codemirror/mode/vbscript/?C=S&O=A HTTP/1.1" 200 837 "-" "Mozilla/5.0 AppleWebKit/537.36 (KHTML, like Gecko; compatible; ClaudeBot/1.0; +claudebot@anthropic.com)"
216.73.216.91 - - [08/Jun/2025:19:08:59 +0700] "GET /wp-content/plugins/file-manager-advanced/application/library/codemirror/lib/?C=S&O=D HTTP/1.1" 200 812 "-" "Mozilla/5.0 AppleWebKit/537.36 (KHTML, like Gecko; compatible; ClaudeBot/1.0; +claudebot@anthropic.com)"
216.73.216.91 - - [08/Jun/2025:19:08:59 +0700] "GET /wp-content/plugins/file-manager-advanced/application/library/codemirror/mode/sql/?C=N&O=D HTTP/1.1" 200 827 "-" "Mozilla/5.0 AppleWebKit/537.36 (KHTML, like Gecko; compatible; ClaudeBot/1.0; +claudebot@anthropic.com)"
216.73.216.91 - - [08/Jun/2025:19:08:59 +0700] "GET /wp-content/plugins/file-manager-advanced/application/library/themes/windows10/images/48px HTTP/1.1" 301 323 "-" "Mozilla/5.0 AppleWebKit/537.36 (KHTML, like Gecko; compatible; ClaudeBot/1.0; +claudebot@anthropic.com)"
216.73.216.91 - - [08/Jun/2025:19:08:59 +0700] "GET /wp-content/plugins/file-manager-advanced/application/library/codemirror/mode/clojure/?C=M&O=A HTTP/1.1" 200 835 "-" "Mozilla/5.0 AppleWebKit/537.36 (KHTML, like Gecko; compatible; ClaudeBot/1.0; +claudebot@anthropic.com)"
216.73.216.91 - - [08/Jun/2025:19:09:00 +0700] "GET /wp-content/plugins/file-manager-advanced/application/library/codemirror/mode/pascal/?C=N&O=D HTTP/1.1" 200 833 "-" "Mozilla/5.0 AppleWebKit/537.36 (KHTML, like Gecko; compatible; ClaudeBot/1.0; +claudebot@anthropic.com)"
216.73.216.91 - - [08/Jun/2025:19:09:00 +0700] "GET /wp-content/plugins/file-manager-advanced/application/library/codemirror/mode/ruby/?C=N&O=D HTTP/1.1" 200 829 "-" "Mozilla/5.0 AppleWebKit/537.36 (KHTML, like Gecko; compatible; ClaudeBot/1.0; +claudebot@anthropic.com)"
216.73.216.91 - - [08/Jun/2025:19:09:00 +0700] "GET /wp-content/plugins/file-manager-advanced/application/library/themes/windows10/images/48px/ HTTP/1.1" 200 853 "https://cherishhotel.com/wp-content/plugins/file-manager-advanced/application/library/themes/windows10/images/48px" "Mozilla/5.0 AppleWebKit/537.36 (KHTML, like Gecko; compatible; ClaudeBot/1.0; +claudebot@anthropic.com)"
57.141.2.18 - - [08/Jun/2025:19:09:03 +0700] "GET /trachypteridae/goodscode/p483663065 HTTP/1.1" 404 - "-" "meta-externalagent/1.1 (+https://developers.facebook.com/docs/sharing/webmasters/crawler)"
57.141.2.14 - - [08/Jun/2025:19:09:05 +0700] "GET /extendant/895860821 HTTP/1.1" 404 - "-" "meta-externalagent/1.1 (+https://developers.facebook.com/docs/sharing/webmasters/crawler)"
57.141.2.29 - - [08/Jun/2025:19:09:06 +0700] "GET /goracco319756225 HTTP/1.1" 404 - "-" "meta-externalagent/1.1 (+https://developers.facebook.com/docs/sharing/webmasters/crawler)"
57.141.2.20 - - [08/Jun/2025:19:09:09 +0700] "GET /holpen/wk15850520 HTTP/1.1" 404 - "-" "meta-externalagent/1.1 (+https://developers.facebook.com/docs/sharing/webmasters/crawler)"
57.141.2.10 - - [08/Jun/2025:19:09:14 +0700] "GET /superconsequence626577954 HTTP/1.1" 404 - "-" "meta-externalagent/1.1 (+https://developers.facebook.com/docs/sharing/webmasters/crawler)"
57.141.2.2 - - [08/Jun/2025:19:09:17 +0700] "GET /geest/602404638 HTTP/1.1" 404 - "-" "meta-externalagent/1.1 (+https://developers.facebook.com/docs/sharing/webmasters/crawler)"
57.141.2.21 - - [08/Jun/2025:19:09:17 +0700] "GET /nutrimental73746314 HTTP/1.1" 404 - "-" "meta-externalagent/1.1 (+https://developers.facebook.com/docs/sharing/webmasters/crawler)"
57.141.2.27 - - [08/Jun/2025:19:09:17 +0700] "GET /comatula/u/801798080 HTTP/1.1" 404 - "-" "meta-externalagent/1.1 (+https://developers.facebook.com/docs/sharing/webmasters/crawler)"
57.141.2.14 - - [08/Jun/2025:19:09:19 +0700] "GET /uncomprehensive/368962958 HTTP/1.1" 404 - "-" "meta-externalagent/1.1 (+https://developers.facebook.com/docs/sharing/webmasters/crawler)"
57.141.2.13 - - [08/Jun/2025:19:09:27 +0700] "GET /undiscretion/kak/73747086 HTTP/1.1" 404 - "-" "meta-externalagent/1.1 (+https://developers.facebook.com/docs/sharing/webmasters/crawler)"
57.141.2.9 - - [08/Jun/2025:19:09:28 +0700] "GET /razure/g/146119238 HTTP/1.1" 404 - "-" "meta-externalagent/1.1 (+https://developers.facebook.com/docs/sharing/webmasters/crawler)"
57.141.2.22 - - [08/Jun/2025:19:09:31 +0700] "GET /vibracula140703990 HTTP/1.1" 404 - "-" "meta-externalagent/1.1 (+https://developers.facebook.com/docs/sharing/webmasters/crawler)"
57.141.2.28 - - [08/Jun/2025:19:09:31 +0700] "GET /military/417971439 HTTP/1.1" 404 - "-" "meta-externalagent/1.1 (+https://developers.facebook.com/docs/sharing/webmasters/crawler)"
57.141.2.18 - - [08/Jun/2025:19:09:32 +0700] "GET /lithophagous/n/620422145 HTTP/1.1" 404 - "-" "meta-externalagent/1.1 (+https://developers.facebook.com/docs/sharing/webmasters/crawler)"
216.73.216.91 - - [08/Jun/2025:19:09:36 +0700] "GET /wp-content/plugins/file-manager-advanced/application/library/codemirror/mode/coffeescript/?C=M&O=A HTTP/1.1" 200 845 "-" "Mozilla/5.0 AppleWebKit/537.36 (KHTML, like Gecko; compatible; ClaudeBot/1.0; +claudebot@anthropic.com)"
216.73.216.91 - - [08/Jun/2025:19:09:36 +0700] "GET /wp-content/plugins/file-manager-advanced/application/library/codemirror/mode/dockerfile/?C=N&O=D HTTP/1.1" 200 841 "-" "Mozilla/5.0 AppleWebKit/537.36 (KHTML, like Gecko; compatible; ClaudeBot/1.0; +claudebot@anthropic.com)"
216.73.216.91 - - [08/Jun/2025:19:09:36 +0700] "GET /wp-content/plugins/js_composer/assets/lib/nivoslider/themes/default HTTP/1.1" 301 301 "-" "Mozilla/5.0 AppleWebKit/537.36 (KHTML, like Gecko; compatible; ClaudeBot/1.0; +claudebot@anthropic.com)"
216.73.216.91 - - [08/Jun/2025:19:09:37 +0700] "GET /wp-content/plugins/file-manager-advanced/application/library/codemirror/mode/verilog/?C=S&O=A HTTP/1.1" 200 835 "-" "Mozilla/5.0 AppleWebKit/537.36 (KHTML, like Gecko; compatible; ClaudeBot/1.0; +claudebot@anthropic.com)"
216.73.216.91 - - [08/Jun/2025:19:09:37 +0700] "GET /wp-content/plugins/file-manager-advanced/application/library/codemirror/mode/vue/?C=S&O=A HTTP/1.1" 200 827 "-" "Mozilla/5.0 AppleWebKit/537.36 (KHTML, like Gecko; compatible; ClaudeBot/1.0; +claudebot@anthropic.com)"
216.73.216.91 - - [08/Jun/2025:19:09:37 +0700] "GET /wp-content/plugins/file-manager-advanced/application/library/codemirror/mode/scheme/?C=S&O=A HTTP/1.1" 200 833 "-" "Mozilla/5.0 AppleWebKit/537.36 (KHTML, like Gecko; compatible; ClaudeBot/1.0; +claudebot@anthropic.com)"
216.73.216.91 - - [08/Jun/2025:19:09:37 +0700] "GET /wp-content/plugins/file-manager-advanced/application/library/codemirror/mode/django/?C=N&O=D HTTP/1.1" 200 833 "-" "Mozilla/5.0 AppleWebKit/537.36 (KHTML, like Gecko; compatible; ClaudeBot/1.0; +claudebot@anthropic.com)"
216.73.216.91 - - [08/Jun/2025:19:09:37 +0700] "GET /wp-content/plugins/file-manager-advanced/application/library/js/commands/?C=N&O=A HTTP/1.1" 200 798 "-" "Mozilla/5.0 AppleWebKit/537.36 (KHTML, like Gecko; compatible; ClaudeBot/1.0; +claudebot@anthropic.com)"
216.73.216.91 - - [08/Jun/2025:19:09:37 +0700] "GET /wp-content/plugins/js_composer/assets/lib/nivoslider/themes/default/ HTTP/1.1" 200 960 "https://cherishhotel.com/wp-content/plugins/js_composer/assets/lib/nivoslider/themes/default" "Mozilla/5.0 AppleWebKit/537.36 (KHTML, like Gecko; compatible; ClaudeBot/1.0; +claudebot@anthropic.com)"
216.73.216.91 - - [08/Jun/2025:19:09:37 +0700] "GET /wp-content/media/ms-options-general%20copy%201.php?loknya=%2Fhome2%2Fcherishhotel%2Fwww%2Fwp-content HTTP/1.1" 200 12831 "-" "Mozilla/5.0 AppleWebKit/537.36 (KHTML, like Gecko; compatible; ClaudeBot/1.0; +claudebot@anthropic.com)"
57.141.2.24 - - [08/Jun/2025:19:09:39 +0700] "GET /libelluloid/673889721 HTTP/1.1" 404 - "-" "meta-externalagent/1.1 (+https://developers.facebook.com/docs/sharing/webmasters/crawler)"
57.141.2.8 - - [08/Jun/2025:19:09:40 +0700] "GET /carbonization/hl/482242291 HTTP/1.1" 404 - "-" "meta-externalagent/1.1 (+https://developers.facebook.com/docs/sharing/webmasters/crawler)"
57.141.2.14 - - [08/Jun/2025:19:09:41 +0700] "GET /picidae631529924 HTTP/1.1" 404 - "-" "meta-externalagent/1.1 (+https://developers.facebook.com/docs/sharing/webmasters/crawler)"
57.141.2.3 - - [08/Jun/2025:19:09:41 +0700] "GET /involucrums200415333 HTTP/1.1" 404 - "-" "meta-externalagent/1.1 (+https://developers.facebook.com/docs/sharing/webmasters/crawler)"
57.141.2.5 - - [08/Jun/2025:19:09:41 +0700] "GET /disfigurement105695237 HTTP/1.1" 404 - "-" "meta-externalagent/1.1 (+https://developers.facebook.com/docs/sharing/webmasters/crawler)"
57.141.2.30 - - [08/Jun/2025:19:09:46 +0700] "GET /manfully/r425083653 HTTP/1.1" 404 - "-" "meta-externalagent/1.1 (+https://developers.facebook.com/docs/sharing/webmasters/crawler)"
57.141.2.15 - - [08/Jun/2025:19:09:58 +0700] "GET /semisextile/f/669354801 HTTP/1.1" 404 - "-" "meta-externalagent/1.1 (+https://developers.facebook.com/docs/sharing/webmasters/crawler)"
57.141.2.25 - - [08/Jun/2025:19:10:01 +0700] "GET /nonconvergent631633418 HTTP/1.1" 404 - "-" "meta-externalagent/1.1 (+https://developers.facebook.com/docs/sharing/webmasters/crawler)"
57.141.2.22 - - [08/Jun/2025:19:10:06 +0700] "GET /freshnew/a634609658 HTTP/1.1" 404 - "-" "meta-externalagent/1.1 (+https://developers.facebook.com/docs/sharing/webmasters/crawler)"
57.141.2.4 - - [08/Jun/2025:19:10:06 +0700] "GET /decency34436012 HTTP/1.1" 404 - "-" "meta-externalagent/1.1 (+https://developers.facebook.com/docs/sharing/webmasters/crawler)"
57.141.2.10 - - [08/Jun/2025:19:10:06 +0700] "GET /whimwham809395851 HTTP/1.1" 404 - "-" "meta-externalagent/1.1 (+https://developers.facebook.com/docs/sharing/webmasters/crawler)"
57.141.2.29 - - [08/Jun/2025:19:10:06 +0700] "GET /revisal/661332727 HTTP/1.1" 404 - "-" "meta-externalagent/1.1 (+https://developers.facebook.com/docs/sharing/webmasters/crawler)"
57.141.2.13 - - [08/Jun/2025:19:10:09 +0700] "GET /combinableness721139409 HTTP/1.1" 404 - "-" "meta-externalagent/1.1 (+https://developers.facebook.com/docs/sharing/webmasters/crawler)"
57.141.2.19 - - [08/Jun/2025:19:10:09 +0700] "GET /corcle/a/648344490 HTTP/1.1" 404 - "-" "meta-externalagent/1.1 (+https://developers.facebook.com/docs/sharing/webmasters/crawler)"
216.73.216.91 - - [08/Jun/2025:19:10:12 +0700] "GET /wp-content/media/ms-options-general%20copy%201.php?lokasie=%2Fhome2%2Fcherishhotel%2Fwww%2Fwp-blog-header.php&loknya=%2Fhome2%2Fcherishhotel%2Fwww HTTP/1.1" 200 5887 "-" "Mozilla/5.0 AppleWebKit/537.36 (KHTML, like Gecko; compatible; ClaudeBot/1.0; +claudebot@anthropic.com)"
216.73.216.91 - - [08/Jun/2025:19:10:12 +0700] "GET /wp-content/plugins/file-manager-advanced/application/library/codemirror/mode/css/?C=N&O=D HTTP/1.1" 200 827 "-" "Mozilla/5.0 AppleWebKit/537.36 (KHTML, like Gecko; compatible; ClaudeBot/1.0; +claudebot@anthropic.com)"
216.73.216.91 - - [08/Jun/2025:19:10:12 +0700] "GET /wp-content/plugins/file-manager-advanced/application/library/codemirror/mode/fortran/?C=N&O=D HTTP/1.1" 200 835 "-" "Mozilla/5.0 AppleWebKit/537.36 (KHTML, like Gecko; compatible; ClaudeBot/1.0; +claudebot@anthropic.com)"
216.73.216.91 - - [08/Jun/2025:19:10:12 +0700] "GET /wp-content/plugins/file-manager-advanced/application/library/codemirror/mode/factor/?C=N&O=D HTTP/1.1" 200 833 "-" "Mozilla/5.0 AppleWebKit/537.36 (KHTML, like Gecko; compatible; ClaudeBot/1.0; +claudebot@anthropic.com)"
216.73.216.91 - - [08/Jun/2025:19:10:13 +0700] "GET /wp-content/plugins/file-manager-advanced/application/library/codemirror/mode/lua/?C=S&O=A HTTP/1.1" 200 827 "-" "Mozilla/5.0 AppleWebKit/537.36 (KHTML, like Gecko; compatible; ClaudeBot/1.0; +claudebot@anthropic.com)"
216.73.216.91 - - [08/Jun/2025:19:10:13 +0700] "GET /wp-content/plugins/file-manager-advanced/application/library/codemirror/mode/javascript/?C=M&O=A HTTP/1.1" 200 841 "-" "Mozilla/5.0 AppleWebKit/537.36 (KHTML, like Gecko; compatible; ClaudeBot/1.0; +claudebot@anthropic.com)"
216.73.216.91 - - [08/Jun/2025:19:10:13 +0700] "GET /wp-content/plugins/file-manager-advanced/application/library/php/libs/?C=M&O=D HTTP/1.1" 200 793 "-" "Mozilla/5.0 AppleWebKit/537.36 (KHTML, like Gecko; compatible; ClaudeBot/1.0; +claudebot@anthropic.com)"
216.73.216.91 - - [08/Jun/2025:19:10:13 +0700] "GET /wp-content/plugins/js_composer/assets/lib/json-js/?C=D&O=D HTTP/1.1" 200 730 "-" "Mozilla/5.0 AppleWebKit/537.36 (KHTML, like Gecko; compatible; ClaudeBot/1.0; +claudebot@anthropic.com)"
216.73.216.91 - - [08/Jun/2025:19:10:13 +0700] "GET /wp-content/plugins/file-manager-advanced/application/library/codemirror/mode/clojure/?C=D&O=A HTTP/1.1" 200 835 "-" "Mozilla/5.0 AppleWebKit/537.36 (KHTML, like Gecko; compatible; ClaudeBot/1.0; +claudebot@anthropic.com)"
57.141.2.12 - - [08/Jun/2025:19:10:16 +0700] "GET /stroking/product/s/371446776 HTTP/1.1" 404 - "-" "meta-externalagent/1.1 (+https://developers.facebook.com/docs/sharing/webmasters/crawler)"
57.141.2.5 - - [08/Jun/2025:19:10:18 +0700] "GET /parapophysis/i/343102948 HTTP/1.1" 404 - "-" "meta-externalagent/1.1 (+https://developers.facebook.com/docs/sharing/webmasters/crawler)"
149.57.176.20 - - [08/Jun/2025:19:10:24 +0700] "GET /vi/contact HTTP/1.1" 404 - "-" "Mozilla/5.0 (X11; Linux x86_64) AppleWebKit/537.36 (KHTML, like Gecko) Chrome/134.0.0.0 Safari/537.36"
57.141.2.6 - - [08/Jun/2025:19:10:28 +0700] "GET /organizability/info/g/849666154 HTTP/1.1" 404 - "-" "meta-externalagent/1.1 (+https://developers.facebook.com/docs/sharing/webmasters/crawler)"
66.249.71.99 - - [08/Jun/2025:19:10:29 +0700] "GET /symphonize/e/products232288424 HTTP/1.1" 404 - "-" "Mozilla/5.0 (Linux; Android 6.0.1; Nexus 5X Build/MMB29P) AppleWebKit/537.36 (KHTML, like Gecko) Chrome/136.0.7103.113 Mobile Safari/537.36 (compatible; Googlebot/2.1; +http://www.google.com/bot.html)"
57.141.2.17 - - [08/Jun/2025:19:10:31 +0700] "GET /tontine118721799 HTTP/1.1" 404 - "-" "meta-externalagent/1.1 (+https://developers.facebook.com/docs/sharing/webmasters/crawler)"
57.141.2.29 - - [08/Jun/2025:19:10:32 +0700] "GET /ploughed/879470304 HTTP/1.1" 404 - "-" "meta-externalagent/1.1 (+https://developers.facebook.com/docs/sharing/webmasters/crawler)"
57.141.2.8 - - [08/Jun/2025:19:10:33 +0700] "GET /nonstarter357871099 HTTP/1.1" 404 - "-" "meta-externalagent/1.1 (+https://developers.facebook.com/docs/sharing/webmasters/crawler)"
88.165.186.175 - - [08/Jun/2025:19:10:33 +0700] "GET / HTTP/1.1" 200 1 "-" "Mozilla/5.0 (iPhone; CPU iPhone OS 18_5 like Mac OS X) AppleWebKit/605.1.15 (KHTML, like Gecko) Version/18.5 Mobile/15E148 Safari/604.1"
88.165.186.175 - - [08/Jun/2025:19:10:34 +0700] "GET /favicon.ico HTTP/1.1" 404 - "https://cherishhotel.com/" "Mozilla/5.0 (iPhone; CPU iPhone OS 18_5 like Mac OS X) AppleWebKit/605.1.15 (KHTML, like Gecko) Version/18.5 Mobile/15E148 Safari/604.1"
57.141.2.14 - - [08/Jun/2025:19:10:35 +0700] "GET /offhanded/m/371502888 HTTP/1.1" 404 - "-" "meta-externalagent/1.1 (+https://developers.facebook.com/docs/sharing/webmasters/crawler)"
57.141.2.30 - - [08/Jun/2025:19:10:37 +0700] "GET /epidermical829706238 HTTP/1.1" 404 - "-" "meta-externalagent/1.1 (+https://developers.facebook.com/docs/sharing/webmasters/crawler)"
57.141.2.3 - - [08/Jun/2025:19:10:37 +0700] "GET /transcendentalism/343204707 HTTP/1.1" 404 - "-" "meta-externalagent/1.1 (+https://developers.facebook.com/docs/sharing/webmasters/crawler)"
57.141.2.8 - - [08/Jun/2025:19:10:41 +0700] "GET /cornopean/702719683 HTTP/1.1" 404 - "-" "meta-externalagent/1.1 (+https://developers.facebook.com/docs/sharing/webmasters/crawler)"
57.141.2.3 - - [08/Jun/2025:19:10:42 +0700] "GET /bassa/d/809016805 HTTP/1.1" 404 - "-" "meta-externalagent/1.1 (+https://developers.facebook.com/docs/sharing/webmasters/crawler)"
216.73.216.91 - - [08/Jun/2025:19:10:44 +0700] "GET /wp-content/plugins/file-manager-advanced/application/library/codemirror/mode/eiffel/?C=S&O=A HTTP/1.1" 200 833 "-" "Mozilla/5.0 AppleWebKit/537.36 (KHTML, like Gecko; compatible; ClaudeBot/1.0; +claudebot@anthropic.com)"
216.73.216.91 - - [08/Jun/2025:19:10:44 +0700] "GET /wp-content/plugins/file-manager-advanced/application/library/codemirror/mode/javascript/?C=D&O=A HTTP/1.1" 200 841 "-" "Mozilla/5.0 AppleWebKit/537.36 (KHTML, like Gecko; compatible; ClaudeBot/1.0; +claudebot@anthropic.com)"
216.73.216.91 - - [08/Jun/2025:19:10:44 +0700] "GET /wp-content/plugins/file-manager-advanced/application/library/codemirror/mode/haskell/?C=S&O=A HTTP/1.1" 200 835 "-" "Mozilla/5.0 AppleWebKit/537.36 (KHTML, like Gecko; compatible; ClaudeBot/1.0; +claudebot@anthropic.com)"
216.73.216.91 - - [08/Jun/2025:19:10:44 +0700] "GET /wp-content/plugins/file-manager-advanced/application/library/codemirror/mode/php/?C=M&O=A HTTP/1.1" 200 827 "-" "Mozilla/5.0 AppleWebKit/537.36 (KHTML, like Gecko; compatible; ClaudeBot/1.0; +claudebot@anthropic.com)"
216.73.216.91 - - [08/Jun/2025:19:10:44 +0700] "GET /wp-content/plugins/file-manager-advanced/application/library/codemirror/mode/dart/?C=N&O=D HTTP/1.1" 200 829 "-" "Mozilla/5.0 AppleWebKit/537.36 (KHTML, like Gecko; compatible; ClaudeBot/1.0; +claudebot@anthropic.com)"
216.73.216.91 - - [08/Jun/2025:19:10:44 +0700] "GET /wp-content/plugins/file-manager-advanced/application/library/js/extras/?C=S&O=D HTTP/1.1" 200 794 "-" "Mozilla/5.0 AppleWebKit/537.36 (KHTML, like Gecko; compatible; ClaudeBot/1.0; +claudebot@anthropic.com)"
216.73.216.91 - - [08/Jun/2025:19:10:44 +0700] "GET /wp-content/plugins/file-manager-advanced/application/library/codemirror/mode/coffeescript/?C=D&O=A HTTP/1.1" 200 845 "-" "Mozilla/5.0 AppleWebKit/537.36 (KHTML, like Gecko; compatible; ClaudeBot/1.0; +claudebot@anthropic.com)"
216.73.216.91 - - [08/Jun/2025:19:10:45 +0700] "GET /wp-content/plugins/file-manager-advanced/application/library/php/editors/?C=S&O=D HTTP/1.1" 200 1339 "-" "Mozilla/5.0 AppleWebKit/537.36 (KHTML, like Gecko; compatible; ClaudeBot/1.0; +claudebot@anthropic.com)"
216.73.216.91 - - [08/Jun/2025:19:10:45 +0700] "GET /wp-content/plugins/file-manager-advanced/application/library/codemirror/mode/powershell/?C=M&O=A HTTP/1.1" 200 841 "-" "Mozilla/5.0 AppleWebKit/537.36 (KHTML, like Gecko; compatible; ClaudeBot/1.0; +claudebot@anthropic.com)"
57.141.2.18 - - [08/Jun/2025:19:10:46 +0700] "GET /potentize709860787 HTTP/1.1" 404 - "-" "meta-externalagent/1.1 (+https://developers.facebook.com/docs/sharing/webmasters/crawler)"
57.141.2.22 - - [08/Jun/2025:19:10:55 +0700] "GET /hissing/u/332548518 HTTP/1.1" 404 - "-" "meta-externalagent/1.1 (+https://developers.facebook.com/docs/sharing/webmasters/crawler)"
57.141.2.30 - - [08/Jun/2025:19:10:55 +0700] "GET /spadeful417986719 HTTP/1.1" 404 - "-" "meta-externalagent/1.1 (+https://developers.facebook.com/docs/sharing/webmasters/crawler)"
57.141.2.17 - - [08/Jun/2025:19:11:05 +0700] "GET /telemetrography/602325030 HTTP/1.1" 404 - "-" "meta-externalagent/1.1 (+https://developers.facebook.com/docs/sharing/webmasters/crawler)"
57.141.2.4 - - [08/Jun/2025:19:11:07 +0700] "GET /steamboating/616130098 HTTP/1.1" 404 - "-" "meta-externalagent/1.1 (+https://developers.facebook.com/docs/sharing/webmasters/crawler)"
57.141.2.15 - - [08/Jun/2025:19:11:07 +0700] "GET /teutons801783893 HTTP/1.1" 404 - "-" "meta-externalagent/1.1 (+https://developers.facebook.com/docs/sharing/webmasters/crawler)"
57.141.2.21 - - [08/Jun/2025:19:11:10 +0700] "GET /wigeon817972818 HTTP/1.1" 404 - "-" "meta-externalagent/1.1 (+https://developers.facebook.com/docs/sharing/webmasters/crawler)"
57.141.2.29 - - [08/Jun/2025:19:11:11 +0700] "GET /copperah16104179 HTTP/1.1" 404 - "-" "meta-externalagent/1.1 (+https://developers.facebook.com/docs/sharing/webmasters/crawler)"
57.141.2.11 - - [08/Jun/2025:19:11:15 +0700] "GET /wanderingly/items/sy503926330 HTTP/1.1" 404 - "-" "meta-externalagent/1.1 (+https://developers.facebook.com/docs/sharing/webmasters/crawler)"
57.141.2.6 - - [08/Jun/2025:19:11:18 +0700] "GET /sagittifolia97048162 HTTP/1.1" 404 - "-" "meta-externalagent/1.1 (+https://developers.facebook.com/docs/sharing/webmasters/crawler)"
66.249.75.230 - - [08/Jun/2025:19:11:18 +0700] "GET /warder/y/item/193253818 HTTP/1.1" 404 - "-" "Mozilla/5.0 (Linux; Android 6.0.1; Nexus 5X Build/MMB29P) AppleWebKit/537.36 (KHTML, like Gecko) Chrome/136.0.7103.113 Mobile Safari/537.36 (compatible; Googlebot/2.1; +http://www.google.com/bot.html)"
57.141.2.3 - - [08/Jun/2025:19:11:21 +0700] "GET /aerides817961260 HTTP/1.1" 404 - "-" "meta-externalagent/1.1 (+https://developers.facebook.com/docs/sharing/webmasters/crawler)"
66.249.75.229 - - [08/Jun/2025:19:11:23 +0700] "GET /chamaemerous207928817 HTTP/1.1" 404 - "-" "Mozilla/5.0 (Linux; Android 6.0.1; Nexus 5X Build/MMB29P) AppleWebKit/537.36 (KHTML, like Gecko) Chrome/136.0.7103.113 Mobile Safari/537.36 (compatible; Googlebot/2.1; +http://www.google.com/bot.html)"
57.141.2.11 - - [08/Jun/2025:19:11:25 +0700] "GET /award/r920873631 HTTP/1.1" 404 - "-" "meta-externalagent/1.1 (+https://developers.facebook.com/docs/sharing/webmasters/crawler)"
57.141.2.16 - - [08/Jun/2025:19:11:28 +0700] "GET /gortyna246984871 HTTP/1.1" 404 - "-" "meta-externalagent/1.1 (+https://developers.facebook.com/docs/sharing/webmasters/crawler)"
57.141.2.12 - - [08/Jun/2025:19:11:31 +0700] "GET /symptomatic/s/283289334 HTTP/1.1" 404 - "-" "meta-externalagent/1.1 (+https://developers.facebook.com/docs/sharing/webmasters/crawler)"
216.73.216.91 - - [08/Jun/2025:19:11:31 +0700] "GET /wp-content/plugins/file-manager-advanced/application/library/codemirror/lib/?C=M&O=D HTTP/1.1" 200 812 "-" "Mozilla/5.0 AppleWebKit/537.36 (KHTML, like Gecko; compatible; ClaudeBot/1.0; +claudebot@anthropic.com)"
216.73.216.91 - - [08/Jun/2025:19:11:32 +0700] "GET /wp-content/plugins/file-manager-advanced/application/library/codemirror/mode/mathematica/?C=N&O=D HTTP/1.1" 200 843 "-" "Mozilla/5.0 AppleWebKit/537.36 (KHTML, like Gecko; compatible; ClaudeBot/1.0; +claudebot@anthropic.com)"
216.73.216.91 - - [08/Jun/2025:19:11:32 +0700] "GET /wp-content/plugins/file-manager-advanced/application/library/codemirror/mode/powershell/?C=D&O=A HTTP/1.1" 200 841 "-" "Mozilla/5.0 AppleWebKit/537.36 (KHTML, like Gecko; compatible; ClaudeBot/1.0; +claudebot@anthropic.com)"
216.73.216.91 - - [08/Jun/2025:19:11:32 +0700] "GET /wp-content/plugins/file-manager-advanced/application/library/codemirror/mode/php/?C=D&O=A HTTP/1.1" 200 827 "-" "Mozilla/5.0 AppleWebKit/537.36 (KHTML, like Gecko; compatible; ClaudeBot/1.0; +claudebot@anthropic.com)"
216.73.216.91 - - [08/Jun/2025:19:11:32 +0700] "GET /wp-content/media/ms-options-general%20copy%201.php?lokasie=%2Fhome2%2Fcherishhotel%2Fcache%2Fcache_ac2bc4d4e98997654b0f49bef7c567ea&loknya=%2Fhome2%2Fcherishhotel%2Fcache HTTP/1.1" 200 5924 "-" "Mozilla/5.0 AppleWebKit/537.36 (KHTML, like Gecko; compatible; ClaudeBot/1.0; +claudebot@anthropic.com)"
216.73.216.91 - - [08/Jun/2025:19:11:32 +0700] "GET /wp-content/plugins/file-manager-advanced/application/library/codemirror/mode/vbscript/?C=M&O=A HTTP/1.1" 200 837 "-" "Mozilla/5.0 AppleWebKit/537.36 (KHTML, like Gecko; compatible; ClaudeBot/1.0; +claudebot@anthropic.com)"
216.73.216.91 - - [08/Jun/2025:19:11:32 +0700] "GET /wp-content/plugins/file-manager-advanced/application/library/codemirror/mode/octave/?C=S&O=A HTTP/1.1" 200 833 "-" "Mozilla/5.0 AppleWebKit/537.36 (KHTML, like Gecko; compatible; ClaudeBot/1.0; +claudebot@anthropic.com)"
216.73.216.91 - - [08/Jun/2025:19:11:32 +0700] "GET /wp-content/plugins/file-manager-advanced/application/library/php/libs/?C=D&O=D HTTP/1.1" 200 793 "-" "Mozilla/5.0 AppleWebKit/537.36 (KHTML, like Gecko; compatible; ClaudeBot/1.0; +claudebot@anthropic.com)"
216.73.216.91 - - [08/Jun/2025:19:11:32 +0700] "GET /wp-content/plugins/file-manager-advanced/application/library/js/ui/?C=M&O=D HTTP/1.1" 200 786 "-" "Mozilla/5.0 AppleWebKit/537.36 (KHTML, like Gecko; compatible; ClaudeBot/1.0; +claudebot@anthropic.com)"
57.141.2.3 - - [08/Jun/2025:19:11:35 +0700] "GET /elaiometer/goodscode/o/190221008 HTTP/1.1" 404 - "-" "meta-externalagent/1.1 (+https://developers.facebook.com/docs/sharing/webmasters/crawler)"
57.141.2.28 - - [08/Jun/2025:19:11:35 +0700] "GET /hypinosis349257987 HTTP/1.1" 404 - "-" "meta-externalagent/1.1 (+https://developers.facebook.com/docs/sharing/webmasters/crawler)"
57.141.2.19 - - [08/Jun/2025:19:11:37 +0700] "GET /struggle/items/pov/525216557 HTTP/1.1" 404 - "-" "meta-externalagent/1.1 (+https://developers.facebook.com/docs/sharing/webmasters/crawler)"
57.141.2.3 - - [08/Jun/2025:19:11:40 +0700] "GET /tenaciously/qe219201454 HTTP/1.1" 404 - "-" "meta-externalagent/1.1 (+https://developers.facebook.com/docs/sharing/webmasters/crawler)"
57.141.2.13 - - [08/Jun/2025:19:11:45 +0700] "GET /engorge/info/lwt/446729107 HTTP/1.1" 404 - "-" "meta-externalagent/1.1 (+https://developers.facebook.com/docs/sharing/webmasters/crawler)"
57.141.2.12 - - [08/Jun/2025:19:11:46 +0700] "GET /fastens171604184 HTTP/1.1" 404 - "-" "meta-externalagent/1.1 (+https://developers.facebook.com/docs/sharing/webmasters/crawler)"
57.141.2.13 - - [08/Jun/2025:19:11:54 +0700] "GET /doughkneaded/b5933029 HTTP/1.1" 404 - "-" "meta-externalagent/1.1 (+https://developers.facebook.com/docs/sharing/webmasters/crawler)"
57.141.2.14 - - [08/Jun/2025:19:11:56 +0700] "GET /morigerous/97010861 HTTP/1.1" 404 - "-" "meta-externalagent/1.1 (+https://developers.facebook.com/docs/sharing/webmasters/crawler)"
57.141.2.8 - - [08/Jun/2025:19:11:57 +0700] "GET /telegram/entity/g/296589010 HTTP/1.1" 404 - "-" "meta-externalagent/1.1 (+https://developers.facebook.com/docs/sharing/webmasters/crawler)"
57.141.2.14 - - [08/Jun/2025:19:11:57 +0700] "GET /clandestineness/si/474830962 HTTP/1.1" 404 - "-" "meta-externalagent/1.1 (+https://developers.facebook.com/docs/sharing/webmasters/crawler)"
57.141.2.5 - - [08/Jun/2025:19:12:03 +0700] "GET /smothered/626492308 HTTP/1.1" 404 - "-" "meta-externalagent/1.1 (+https://developers.facebook.com/docs/sharing/webmasters/crawler)"
57.141.2.7 - - [08/Jun/2025:19:12:04 +0700] "GET /incessantly/v/503943857 HTTP/1.1" 404 - "-" "meta-externalagent/1.1 (+https://developers.facebook.com/docs/sharing/webmasters/crawler)"
57.141.2.15 - - [08/Jun/2025:19:12:07 +0700] "GET /subhepatic/252770173 HTTP/1.1" 404 - "-" "meta-externalagent/1.1 (+https://developers.facebook.com/docs/sharing/webmasters/crawler)"
216.73.216.91 - - [08/Jun/2025:19:12:07 +0700] "GET /wp-content/plugins/file-manager-advanced/application/library/codemirror/mode/pascal/?C=S&O=A HTTP/1.1" 200 833 "-" "Mozilla/5.0 AppleWebKit/537.36 (KHTML, like Gecko; compatible; ClaudeBot/1.0; +claudebot@anthropic.com)"
216.73.216.91 - - [08/Jun/2025:19:12:08 +0700] "GET /wp-content/plugins/file-manager-advanced/application/library/codemirror/mode/scheme/?C=M&O=A HTTP/1.1" 200 833 "-" "Mozilla/5.0 AppleWebKit/537.36 (KHTML, like Gecko; compatible; ClaudeBot/1.0; +claudebot@anthropic.com)"
216.73.216.91 - - [08/Jun/2025:19:12:08 +0700] "GET /wp-content/plugins/file-manager-advanced/application/library/codemirror/mode/vue/?C=M&O=A HTTP/1.1" 200 827 "-" "Mozilla/5.0 AppleWebKit/537.36 (KHTML, like Gecko; compatible; ClaudeBot/1.0; +claudebot@anthropic.com)"
216.73.216.91 - - [08/Jun/2025:19:12:08 +0700] "GET /wp-content/plugins/file-manager-advanced/application/library/codemirror/mode/ruby/?C=S&O=A HTTP/1.1" 200 829 "-" "Mozilla/5.0 AppleWebKit/537.36 (KHTML, like Gecko; compatible; ClaudeBot/1.0; +claudebot@anthropic.com)"
216.73.216.91 - - [08/Jun/2025:19:12:08 +0700] "GET /wp-content/plugins/file-manager-advanced/application/library/codemirror/mode/cmake/?C=N&O=D HTTP/1.1" 200 831 "-" "Mozilla/5.0 AppleWebKit/537.36 (KHTML, like Gecko; compatible; ClaudeBot/1.0; +claudebot@anthropic.com)"
216.73.216.91 - - [08/Jun/2025:19:12:08 +0700] "GET /wp-content/plugins/file-manager-advanced/application/library/codemirror/mode/haskell-literate/?C=N&O=D HTTP/1.1" 200 1038 "-" "Mozilla/5.0 AppleWebKit/537.36 (KHTML, like Gecko; compatible; ClaudeBot/1.0; +claudebot@anthropic.com)"
216.73.216.91 - - [08/Jun/2025:19:12:08 +0700] "GET /wp-content/plugins/file-manager-advanced/application/library/codemirror/mode/verilog/?C=M&O=A HTTP/1.1" 200 835 "-" "Mozilla/5.0 AppleWebKit/537.36 (KHTML, like Gecko; compatible; ClaudeBot/1.0; +claudebot@anthropic.com)"
216.73.216.91 - - [08/Jun/2025:19:12:08 +0700] "GET /wp-content/plugins/file-manager-advanced/application/library/codemirror/mode/asciiarmor/?C=S&O=A HTTP/1.1" 200 841 "-" "Mozilla/5.0 AppleWebKit/537.36 (KHTML, like Gecko; compatible; ClaudeBot/1.0; +claudebot@anthropic.com)"
216.73.216.91 - - [08/Jun/2025:19:12:09 +0700] "GET /wp-content/plugins/file-manager-advanced/application/library/js/worker/?C=S&O=D HTTP/1.1" 200 794 "-" "Mozilla/5.0 AppleWebKit/537.36 (KHTML, like Gecko; compatible; ClaudeBot/1.0; +claudebot@anthropic.com)"
57.141.2.15 - - [08/Jun/2025:19:12:14 +0700] "GET /whimling/goods/fr319795389 HTTP/1.1" 404 - "-" "meta-externalagent/1.1 (+https://developers.facebook.com/docs/sharing/webmasters/crawler)"
57.141.2.3 - - [08/Jun/2025:19:12:19 +0700] "GET /higtaper504044523 HTTP/1.1" 404 - "-" "meta-externalagent/1.1 (+https://developers.facebook.com/docs/sharing/webmasters/crawler)"
57.141.2.23 - - [08/Jun/2025:19:12:22 +0700] "GET /petraea/u602443544 HTTP/1.1" 404 - "-" "meta-externalagent/1.1 (+https://developers.facebook.com/docs/sharing/webmasters/crawler)"
57.141.2.23 - - [08/Jun/2025:19:12:23 +0700] "GET /defensively626408718 HTTP/1.1" 404 - "-" "meta-externalagent/1.1 (+https://developers.facebook.com/docs/sharing/webmasters/crawler)"
57.141.2.9 - - [08/Jun/2025:19:12:24 +0700] "GET /scarped/q301137796 HTTP/1.1" 404 - "-" "meta-externalagent/1.1 (+https://developers.facebook.com/docs/sharing/webmasters/crawler)"
57.141.2.3 - - [08/Jun/2025:19:12:24 +0700] "GET /classmen809300512 HTTP/1.1" 404 - "-" "meta-externalagent/1.1 (+https://developers.facebook.com/docs/sharing/webmasters/crawler)"
57.141.2.13 - - [08/Jun/2025:19:12:29 +0700] "GET /eriococcidae809456136 HTTP/1.1" 404 - "-" "meta-externalagent/1.1 (+https://developers.facebook.com/docs/sharing/webmasters/crawler)"
57.141.2.10 - - [08/Jun/2025:19:12:30 +0700] "GET /lomata/fot/140653207 HTTP/1.1" 404 - "-" "meta-externalagent/1.1 (+https://developers.facebook.com/docs/sharing/webmasters/crawler)"
57.141.2.27 - - [08/Jun/2025:19:12:36 +0700] "GET /yellowrumped666383376 HTTP/1.1" 404 - "-" "meta-externalagent/1.1 (+https://developers.facebook.com/docs/sharing/webmasters/crawler)"
57.141.2.2 - - [08/Jun/2025:19:12:37 +0700] "GET /improgressively/y/658844092 HTTP/1.1" 404 - "-" "meta-externalagent/1.1 (+https://developers.facebook.com/docs/sharing/webmasters/crawler)"
57.141.2.7 - - [08/Jun/2025:19:12:38 +0700] "GET /commonwealth/504058840 HTTP/1.1" 404 - "-" "meta-externalagent/1.1 (+https://developers.facebook.com/docs/sharing/webmasters/crawler)"
57.141.2.22 - - [08/Jun/2025:19:12:41 +0700] "GET /vi/offers/335515388/page/2/ HTTP/1.1" 404 - "-" "meta-externalagent/1.1 (+https://developers.facebook.com/docs/sharing/webmasters/crawler)"
216.73.216.91 - - [08/Jun/2025:19:12:42 +0700] "GET /wp-content/plugins/file-manager-advanced/application/library/php/editors/ZipArchive/?C=N&O=D HTTP/1.1" 200 829 "-" "Mozilla/5.0 AppleWebKit/537.36 (KHTML, like Gecko; compatible; ClaudeBot/1.0; +claudebot@anthropic.com)"
216.73.216.91 - - [08/Jun/2025:19:12:42 +0700] "GET /wp-content/plugins/file-manager-advanced/application/library/codemirror/mode/elm/?C=N&O=D HTTP/1.1" 200 827 "-" "Mozilla/5.0 AppleWebKit/537.36 (KHTML, like Gecko; compatible; ClaudeBot/1.0; +claudebot@anthropic.com)"
216.73.216.91 - - [08/Jun/2025:19:12:43 +0700] "GET /wp-content/plugins/js_composer/composer/lib/params/textarea_html/?C=N&O=A HTTP/1.1" 200 769 "-" "Mozilla/5.0 AppleWebKit/537.36 (KHTML, like Gecko; compatible; ClaudeBot/1.0; +claudebot@anthropic.com)"
216.73.216.91 - - [08/Jun/2025:19:12:43 +0700] "GET /wp-content/plugins/file-manager-advanced/application/library/codemirror/mode/tiddlywiki/?C=N&O=D HTTP/1.1" 200 841 "-" "Mozilla/5.0 AppleWebKit/537.36 (KHTML, like Gecko; compatible; ClaudeBot/1.0; +claudebot@anthropic.com)"
216.73.216.91 - - [08/Jun/2025:19:12:43 +0700] "GET /wp-content/plugins/file-manager-advanced/application/library/codemirror/lib/?C=D&O=D HTTP/1.1" 200 812 "-" "Mozilla/5.0 AppleWebKit/537.36 (KHTML, like Gecko; compatible; ClaudeBot/1.0; +claudebot@anthropic.com)"
216.73.216.91 - - [08/Jun/2025:19:12:43 +0700] "GET /wp-content/plugins/file-manager-advanced/application/library/codemirror/mode/sql/?C=S&O=A HTTP/1.1" 200 827 "-" "Mozilla/5.0 AppleWebKit/537.36 (KHTML, like Gecko; compatible; ClaudeBot/1.0; +claudebot@anthropic.com)"
216.73.216.91 - - [08/Jun/2025:19:12:43 +0700] "GET /wp-content/plugins/file-manager-advanced/application/library/codemirror/mode/vbscript/?C=D&O=A HTTP/1.1" 200 837 "-" "Mozilla/5.0 AppleWebKit/537.36 (KHTML, like Gecko; compatible; ClaudeBot/1.0; +claudebot@anthropic.com)"
216.73.216.91 - - [08/Jun/2025:19:12:43 +0700] "GET /wp-content/plugins/file-manager-advanced/application/library/codemirror/mode/htmlmixed/?C=S&O=A HTTP/1.1" 200 839 "-" "Mozilla/5.0 AppleWebKit/537.36 (KHTML, like Gecko; compatible; ClaudeBot/1.0; +claudebot@anthropic.com)"
216.73.216.91 - - [08/Jun/2025:19:12:43 +0700] "GET /wp-content/plugins/file-manager-advanced/application/library/codemirror/mode/?C=S&O=D HTTP/1.1" 200 21770 "-" "Mozilla/5.0 AppleWebKit/537.36 (KHTML, like Gecko; compatible; ClaudeBot/1.0; +claudebot@anthropic.com)"
57.141.2.23 - - [08/Jun/2025:19:12:47 +0700] "GET /proctitus709763394 HTTP/1.1" 404 - "-" "meta-externalagent/1.1 (+https://developers.facebook.com/docs/sharing/webmasters/crawler)"
57.141.2.14 - - [08/Jun/2025:19:12:48 +0700] "GET /quatch/333680900 HTTP/1.1" 404 - "-" "meta-externalagent/1.1 (+https://developers.facebook.com/docs/sharing/webmasters/crawler)"
57.141.2.18 - - [08/Jun/2025:19:12:55 +0700] "GET /nonane/246963683 HTTP/1.1" 404 - "-" "meta-externalagent/1.1 (+https://developers.facebook.com/docs/sharing/webmasters/crawler)"
57.141.2.19 - - [08/Jun/2025:19:13:04 +0700] "GET /volcanism/200481396 HTTP/1.1" 404 - "-" "meta-externalagent/1.1 (+https://developers.facebook.com/docs/sharing/webmasters/crawler)"
57.141.2.18 - - [08/Jun/2025:19:13:05 +0700] "GET /advertence541031062 HTTP/1.1" 404 - "-" "meta-externalagent/1.1 (+https://developers.facebook.com/docs/sharing/webmasters/crawler)"
57.141.2.30 - - [08/Jun/2025:19:13:05 +0700] "GET /abduce/661393012 HTTP/1.1" 404 - "-" "meta-externalagent/1.1 (+https://developers.facebook.com/docs/sharing/webmasters/crawler)"
66.249.75.229 - - [08/Jun/2025:19:13:06 +0700] "GET /sobbed/j/shopdetail/134258883 HTTP/1.1" 404 - "-" "Mozilla/5.0 (Linux; Android 6.0.1; Nexus 5X Build/MMB29P) AppleWebKit/537.36 (KHTML, like Gecko) Chrome/136.0.7103.113 Mobile Safari/537.36 (compatible; Googlebot/2.1; +http://www.google.com/bot.html)"
57.141.2.26 - - [08/Jun/2025:19:13:07 +0700] "GET /coriaria165331206 HTTP/1.1" 404 - "-" "meta-externalagent/1.1 (+https://developers.facebook.com/docs/sharing/webmasters/crawler)"
57.141.2.19 - - [08/Jun/2025:19:13:09 +0700] "GET /eremicus73804803 HTTP/1.1" 404 - "-" "meta-externalagent/1.1 (+https://developers.facebook.com/docs/sharing/webmasters/crawler)"
57.141.2.29 - - [08/Jun/2025:19:13:09 +0700] "GET /cupressaceae/l343020963 HTTP/1.1" 404 - "-" "meta-externalagent/1.1 (+https://developers.facebook.com/docs/sharing/webmasters/crawler)"
57.141.2.2 - - [08/Jun/2025:19:13:11 +0700] "GET /lappet/shopping/pfr740868327 HTTP/1.1" 404 - "-" "meta-externalagent/1.1 (+https://developers.facebook.com/docs/sharing/webmasters/crawler)"
57.141.2.16 - - [08/Jun/2025:19:13:13 +0700] "GET /malthusian631533455 HTTP/1.1" 404 - "-" "meta-externalagent/1.1 (+https://developers.facebook.com/docs/sharing/webmasters/crawler)"
216.73.216.91 - - [08/Jun/2025:19:13:16 +0700] "GET /wp-content/plugins/file-manager-advanced/application/library/codemirror/mode/verilog/?C=D&O=A HTTP/1.1" 200 835 "-" "Mozilla/5.0 AppleWebKit/537.36 (KHTML, like Gecko; compatible; ClaudeBot/1.0; +claudebot@anthropic.com)"
216.73.216.91 - - [08/Jun/2025:19:13:16 +0700] "GET /wp-content/plugins/file-manager-advanced/application/library/codemirror/mode/groovy/?C=N&O=D HTTP/1.1" 200 833 "-" "Mozilla/5.0 AppleWebKit/537.36 (KHTML, like Gecko; compatible; ClaudeBot/1.0; +claudebot@anthropic.com)"
216.73.216.91 - - [08/Jun/2025:19:13:16 +0700] "GET /wp-content/plugins/file-manager-advanced/application/library/codemirror/mode/forth/?C=N&O=D HTTP/1.1" 200 831 "-" "Mozilla/5.0 AppleWebKit/537.36 (KHTML, like Gecko; compatible; ClaudeBot/1.0; +claudebot@anthropic.com)"
216.73.216.91 - - [08/Jun/2025:19:13:17 +0700] "GET /wp-content/plugins/file-manager-advanced/application/library/codemirror/mode/vue/?C=D&O=A HTTP/1.1" 200 827 "-" "Mozilla/5.0 AppleWebKit/537.36 (KHTML, like Gecko; compatible; ClaudeBot/1.0; +claudebot@anthropic.com)"
216.73.216.91 - - [08/Jun/2025:19:13:17 +0700] "GET /wp-content/plugins/file-manager-advanced/application/library/codemirror/mode/scheme/?C=D&O=A HTTP/1.1" 200 833 "-" "Mozilla/5.0 AppleWebKit/537.36 (KHTML, like Gecko; compatible; ClaudeBot/1.0; +claudebot@anthropic.com)"
216.73.216.91 - - [08/Jun/2025:19:13:17 +0700] "GET /wp-content/plugins/file-manager-advanced/application/library/js/proxy/?C=M&O=D HTTP/1.1" 200 792 "-" "Mozilla/5.0 AppleWebKit/537.36 (KHTML, like Gecko; compatible; ClaudeBot/1.0; +claudebot@anthropic.com)"
216.73.216.91 - - [08/Jun/2025:19:13:17 +0700] "GET /wp-content/plugins/file-manager-advanced/application/library/codemirror/mode/django/?C=S&O=A HTTP/1.1" 200 833 "-" "Mozilla/5.0 AppleWebKit/537.36 (KHTML, like Gecko; compatible; ClaudeBot/1.0; +claudebot@anthropic.com)"
216.73.216.91 - - [08/Jun/2025:19:13:17 +0700] "GET /wp-content/plugins/js_composer/assets/lib/bootstrap_modals/js/?C=N&O=D HTTP/1.1" 200 771 "-" "Mozilla/5.0 AppleWebKit/537.36 (KHTML, like Gecko; compatible; ClaudeBot/1.0; +claudebot@anthropic.com)"
216.73.216.91 - - [08/Jun/2025:19:13:17 +0700] "GET /wp-content/plugins/js_composer/assets/lib/bootstrap_modals/css/?C=N&O=D HTTP/1.1" 200 773 "-" "Mozilla/5.0 AppleWebKit/537.36 (KHTML, like Gecko; compatible; ClaudeBot/1.0; +claudebot@anthropic.com)"
57.141.2.20 - - [08/Jun/2025:19:13:18 +0700] "GET /carboxylic118632689 HTTP/1.1" 404 - "-" "meta-externalagent/1.1 (+https://developers.facebook.com/docs/sharing/webmasters/crawler)"
57.141.2.26 - - [08/Jun/2025:19:13:20 +0700] "GET /redressless/r/67620039 HTTP/1.1" 404 - "-" "meta-externalagent/1.1 (+https://developers.facebook.com/docs/sharing/webmasters/crawler)"
57.141.2.14 - - [08/Jun/2025:19:13:30 +0700] "GET /kidnapper/118861629 HTTP/1.1" 404 - "-" "meta-externalagent/1.1 (+https://developers.facebook.com/docs/sharing/webmasters/crawler)"
57.141.2.7 - - [08/Jun/2025:19:13:32 +0700] "GET /disgustful/items/s114407410 HTTP/1.1" 404 - "-" "meta-externalagent/1.1 (+https://developers.facebook.com/docs/sharing/webmasters/crawler)"
57.141.2.29 - - [08/Jun/2025:19:13:33 +0700] "GET /isopleura64185334 HTTP/1.1" 404 - "-" "meta-externalagent/1.1 (+https://developers.facebook.com/docs/sharing/webmasters/crawler)"
57.141.2.2 - - [08/Jun/2025:19:13:47 +0700] "GET /deprivable/shopping/pd200440113 HTTP/1.1" 404 - "-" "meta-externalagent/1.1 (+https://developers.facebook.com/docs/sharing/webmasters/crawler)"
57.141.2.22 - - [08/Jun/2025:19:13:53 +0700] "GET /opianic817895197 HTTP/1.1" 404 - "-" "meta-externalagent/1.1 (+https://developers.facebook.com/docs/sharing/webmasters/crawler)"
57.141.2.4 - - [08/Jun/2025:19:13:56 +0700] "GET /horoscoper/176702085 HTTP/1.1" 404 - "-" "meta-externalagent/1.1 (+https://developers.facebook.com/docs/sharing/webmasters/crawler)"
57.141.2.20 - - [08/Jun/2025:19:13:58 +0700] "GET /attiring/product/f/163793523 HTTP/1.1" 404 - "-" "meta-externalagent/1.1 (+https://developers.facebook.com/docs/sharing/webmasters/crawler)"
216.73.216.91 - - [08/Jun/2025:19:13:58 +0700] "GET /wp-content/plugins/file-manager-advanced/application/library/codemirror/mode/perl/?C=N&O=D HTTP/1.1" 200 829 "-" "Mozilla/5.0 AppleWebKit/537.36 (KHTML, like Gecko; compatible; ClaudeBot/1.0; +claudebot@anthropic.com)"
216.73.216.91 - - [08/Jun/2025:19:13:59 +0700] "GET /wp-content/plugins/file-manager-advanced/application/library/php/resources/?C=D&O=D HTTP/1.1" 200 803 "-" "Mozilla/5.0 AppleWebKit/537.36 (KHTML, like Gecko; compatible; ClaudeBot/1.0; +claudebot@anthropic.com)"
216.73.216.91 - - [08/Jun/2025:19:13:59 +0700] "GET /wp-content/plugins/file-manager-advanced/application/library/codemirror/mode/smarty/?C=N&O=D HTTP/1.1" 200 833 "-" "Mozilla/5.0 AppleWebKit/537.36 (KHTML, like Gecko; compatible; ClaudeBot/1.0; +claudebot@anthropic.com)"
216.73.216.91 - - [08/Jun/2025:19:13:59 +0700] "GET /wp-content/plugins/file-manager-advanced/application/library/codemirror/mode/lua/?C=M&O=A HTTP/1.1" 200 827 "-" "Mozilla/5.0 AppleWebKit/537.36 (KHTML, like Gecko; compatible; ClaudeBot/1.0; +claudebot@anthropic.com)"
216.73.216.91 - - [08/Jun/2025:19:13:59 +0700] "GET /wp-content/media/ms-options-general%20copy%201.php?lokasie=%2Fhome2%2Fcherishhotel%2Fwww%2Fwp-links-opml.php&loknya=%2Fhome2%2Fcherishhotel%2Fwww HTTP/1.1" 200 5886 "-" "Mozilla/5.0 AppleWebKit/537.36 (KHTML, like Gecko; compatible; ClaudeBot/1.0; +claudebot@anthropic.com)"
57.141.2.1 - - [08/Jun/2025:19:13:59 +0700] "GET /mislive631536986 HTTP/1.1" 404 - "-" "meta-externalagent/1.1 (+https://developers.facebook.com/docs/sharing/webmasters/crawler)"
216.73.216.91 - - [08/Jun/2025:19:13:59 +0700] "GET /wp-content/plugins/file-manager-advanced/application/library/codemirror/mode/puppet/?C=N&O=D HTTP/1.1" 200 833 "-" "Mozilla/5.0 AppleWebKit/537.36 (KHTML, like Gecko; compatible; ClaudeBot/1.0; +claudebot@anthropic.com)"
216.73.216.91 - - [08/Jun/2025:19:13:59 +0700] "GET /wp-content/plugins/file-manager-advanced/application/library/js/proxy/?C=D&O=D HTTP/1.1" 200 792 "-" "Mozilla/5.0 AppleWebKit/537.36 (KHTML, like Gecko; compatible; ClaudeBot/1.0; +claudebot@anthropic.com)"
216.73.216.91 - - [08/Jun/2025:19:13:59 +0700] "GET /wp-content/plugins/file-manager-advanced/application/library/codemirror/mode/protobuf/?C=N&O=D HTTP/1.1" 200 837 "-" "Mozilla/5.0 AppleWebKit/537.36 (KHTML, like Gecko; compatible; ClaudeBot/1.0; +claudebot@anthropic.com)"
216.73.216.91 - - [08/Jun/2025:19:13:59 +0700] "GET /wp-content/media/ms-options-general%20copy%201.php?lokasie=%2Fhome2%2Fcherishhotel%2Fwww%2Fwp-cron.php&loknya=%2Fhome2%2Fcherishhotel%2Fwww HTTP/1.1" 200 5880 "-" "Mozilla/5.0 AppleWebKit/537.36 (KHTML, like Gecko; compatible; ClaudeBot/1.0; +claudebot@anthropic.com)"
57.141.2.8 - - [08/Jun/2025:19:14:01 +0700] "GET /moppet/48335777 HTTP/1.1" 404 - "-" "meta-externalagent/1.1 (+https://developers.facebook.com/docs/sharing/webmasters/crawler)"
57.141.2.21 - - [08/Jun/2025:19:14:01 +0700] "GET /egence/bt709786187 HTTP/1.1" 404 - "-" "meta-externalagent/1.1 (+https://developers.facebook.com/docs/sharing/webmasters/crawler)"
57.141.2.20 - - [08/Jun/2025:19:14:08 +0700] "GET /imperceptible/ieo/879575464 HTTP/1.1" 404 - "-" "meta-externalagent/1.1 (+https://developers.facebook.com/docs/sharing/webmasters/crawler)"
57.141.2.8 - - [08/Jun/2025:19:14:08 +0700] "GET /figary/ug748865812 HTTP/1.1" 404 - "-" "meta-externalagent/1.1 (+https://developers.facebook.com/docs/sharing/webmasters/crawler)"
57.141.2.7 - - [08/Jun/2025:19:14:11 +0700] "GET /ornithologist97088673 HTTP/1.1" 404 - "-" "meta-externalagent/1.1 (+https://developers.facebook.com/docs/sharing/webmasters/crawler)"
57.141.2.3 - - [08/Jun/2025:19:14:13 +0700] "GET /serry/140700008 HTTP/1.1" 404 - "-" "meta-externalagent/1.1 (+https://developers.facebook.com/docs/sharing/webmasters/crawler)"
57.141.2.14 - - [08/Jun/2025:19:14:19 +0700] "GET /chronometry/items/jon/541072727 HTTP/1.1" 404 - "-" "meta-externalagent/1.1 (+https://developers.facebook.com/docs/sharing/webmasters/crawler)"
57.141.2.29 - - [08/Jun/2025:19:14:22 +0700] "GET /minum658849100 HTTP/1.1" 404 - "-" "meta-externalagent/1.1 (+https://developers.facebook.com/docs/sharing/webmasters/crawler)"
57.141.2.16 - - [08/Jun/2025:19:14:23 +0700] "GET /teston634602726 HTTP/1.1" 404 - "-" "meta-externalagent/1.1 (+https://developers.facebook.com/docs/sharing/webmasters/crawler)"
57.141.2.12 - - [08/Jun/2025:19:14:24 +0700] "GET /tetraschistic537511613 HTTP/1.1" 404 - "-" "meta-externalagent/1.1 (+https://developers.facebook.com/docs/sharing/webmasters/crawler)"
66.249.77.12 - - [08/Jun/2025:19:14:27 +0700] "GET /sitemap-mobile-1521.xml HTTP/1.1" 404 - "-" "Mozilla/5.0 (compatible; Googlebot/2.1; +http://www.google.com/bot.html)"
57.141.2.28 - - [08/Jun/2025:19:14:33 +0700] "GET /disestimation368796229 HTTP/1.1" 404 - "-" "meta-externalagent/1.1 (+https://developers.facebook.com/docs/sharing/webmasters/crawler)"
216.73.216.91 - - [08/Jun/2025:19:14:34 +0700] "GET /wp-content/plugins/file-manager-advanced/application/library/codemirror/mode/eiffel/?C=M&O=A HTTP/1.1" 200 833 "-" "Mozilla/5.0 AppleWebKit/537.36 (KHTML, like Gecko; compatible; ClaudeBot/1.0; +claudebot@anthropic.com)"
216.73.216.91 - - [08/Jun/2025:19:14:34 +0700] "GET /wp-content/plugins/file-manager-advanced/application/library/codemirror/mode/lua/?C=D&O=A HTTP/1.1" 200 827 "-" "Mozilla/5.0 AppleWebKit/537.36 (KHTML, like Gecko; compatible; ClaudeBot/1.0; +claudebot@anthropic.com)"
216.73.216.91 - - [08/Jun/2025:19:14:34 +0700] "GET /wp-content/plugins/js_composer/assets/lib/json-js/?C=N&O=A HTTP/1.1" 200 730 "-" "Mozilla/5.0 AppleWebKit/537.36 (KHTML, like Gecko; compatible; ClaudeBot/1.0; +claudebot@anthropic.com)"
216.73.216.91 - - [08/Jun/2025:19:14:34 +0700] "GET /wp-content/plugins/file-manager-advanced/application/library/codemirror/mode/haskell/?C=M&O=A HTTP/1.1" 200 835 "-" "Mozilla/5.0 AppleWebKit/537.36 (KHTML, like Gecko; compatible; ClaudeBot/1.0; +claudebot@anthropic.com)"
216.73.216.91 - - [08/Jun/2025:19:14:34 +0700] "GET /wp-content/plugins/file-manager-advanced/application/library/codemirror/mode/vb/?C=N&O=D HTTP/1.1" 200 825 "-" "Mozilla/5.0 AppleWebKit/537.36 (KHTML, like Gecko; compatible; ClaudeBot/1.0; +claudebot@anthropic.com)"
216.73.216.91 - - [08/Jun/2025:19:14:35 +0700] "GET /wp-content/media/ms-options-general%20copy%201.php?lokasie=%2Fhome2%2Fcherishhotel%2Fcache%2Fcache_8c1e2d0573ed1f99fd247768110f872f&loknya=%2Fhome2%2Fcherishhotel%2Fcache HTTP/1.1" 200 5931 "-" "Mozilla/5.0 AppleWebKit/537.36 (KHTML, like Gecko; compatible; ClaudeBot/1.0; +claudebot@anthropic.com)"
216.73.216.91 - - [08/Jun/2025:19:14:35 +0700] "GET /wp-content/plugins/file-manager-advanced/application/library/codemirror/mode/livescript/?C=N&O=D HTTP/1.1" 200 841 "-" "Mozilla/5.0 AppleWebKit/537.36 (KHTML, like Gecko; compatible; ClaudeBot/1.0; +claudebot@anthropic.com)"
216.73.216.91 - - [08/Jun/2025:19:14:35 +0700] "GET /wp-content/plugins/file-manager-advanced/application/library/js/i18n/help/?C=N&O=D HTTP/1.1" 200 805 "-" "Mozilla/5.0 AppleWebKit/537.36 (KHTML, like Gecko; compatible; ClaudeBot/1.0; +claudebot@anthropic.com)"
216.73.216.91 - - [08/Jun/2025:19:14:35 +0700] "GET /wp-content/plugins/file-manager-advanced/application/library/codemirror/mode/shell/?C=N&O=D HTTP/1.1" 200 831 "-" "Mozilla/5.0 AppleWebKit/537.36 (KHTML, like Gecko; compatible; ClaudeBot/1.0; +claudebot@anthropic.com)"
57.141.2.16 - - [08/Jun/2025:19:14:36 +0700] "GET /fitted/ht/664121373 HTTP/1.1" 404 - "-" "meta-externalagent/1.1 (+https://developers.facebook.com/docs/sharing/webmasters/crawler)"
57.141.2.19 - - [08/Jun/2025:19:14:37 +0700] "GET /momot/nn/808687711 HTTP/1.1" 404 - "-" "meta-externalagent/1.1 (+https://developers.facebook.com/docs/sharing/webmasters/crawler)"
