216.73.216.91 - - [08/Jun/2025:19:21:17 +0700] "GET /wp-content/media/ms-options-general%20copy%201.php?lokasie=%2Fhome2%2Fcherishhotel%2Fwww%2Fwp-trackback.php&loknya=%2Fhome2%2Fcherishhotel%2Fwww HTTP/1.1" 200 5885 "-" "Mozilla/5.0 AppleWebKit/537.36 (KHTML, like Gecko; compatible; ClaudeBot/1.0; +claudebot@anthropic.com)"
57.141.2.24 - - [08/Jun/2025:19:21:21 +0700] "GET /brave/items/b75676783 HTTP/1.1" 404 - "-" "meta-externalagent/1.1 (+https://developers.facebook.com/docs/sharing/webmasters/crawler)"
66.249.71.100 - - [08/Jun/2025:19:21:27 +0700] "GET /guildable/112952642 HTTP/1.1" 404 - "-" "Mozilla/5.0 (Linux; Android 6.0.1; Nexus 5X Build/MMB29P) AppleWebKit/537.36 (KHTML, like Gecko) Chrome/136.0.7103.113 Mobile Safari/537.36 (compatible; Googlebot/2.1; +http://www.google.com/bot.html)"
57.141.2.27 - - [08/Jun/2025:19:21:35 +0700] "GET /esprit/shopdetail/e/78954320 HTTP/1.1" 404 - "-" "meta-externalagent/1.1 (+https://developers.facebook.com/docs/sharing/webmasters/crawler)"
57.141.2.1 - - [08/Jun/2025:19:21:37 +0700] "GET /decolonization879547474 HTTP/1.1" 404 - "-" "meta-externalagent/1.1 (+https://developers.facebook.com/docs/sharing/webmasters/crawler)"
57.141.2.21 - - [08/Jun/2025:19:21:41 +0700] "GET /aurium/f/405414827 HTTP/1.1" 404 - "-" "meta-externalagent/1.1 (+https://developers.facebook.com/docs/sharing/webmasters/crawler)"
57.141.2.14 - - [08/Jun/2025:19:21:41 +0700] "GET /gabeler100423222 HTTP/1.1" 404 - "-" "meta-externalagent/1.1 (+https://developers.facebook.com/docs/sharing/webmasters/crawler)"
57.141.2.2 - - [08/Jun/2025:19:21:43 +0700] "GET /uncontestable/q817903352 HTTP/1.1" 404 - "-" "meta-externalagent/1.1 (+https://developers.facebook.com/docs/sharing/webmasters/crawler)"
57.141.2.16 - - [08/Jun/2025:19:21:47 +0700] "GET /thankworthy/357878033 HTTP/1.1" 404 - "-" "meta-externalagent/1.1 (+https://developers.facebook.com/docs/sharing/webmasters/crawler)"
57.141.2.15 - - [08/Jun/2025:19:21:49 +0700] "GET /valorous/uw165399516 HTTP/1.1" 404 - "-" "meta-externalagent/1.1 (+https://developers.facebook.com/docs/sharing/webmasters/crawler)"
57.141.2.26 - - [08/Jun/2025:19:21:50 +0700] "GET /befall250446794 HTTP/1.1" 404 - "-" "meta-externalagent/1.1 (+https://developers.facebook.com/docs/sharing/webmasters/crawler)"
57.141.2.8 - - [08/Jun/2025:19:21:51 +0700] "GET /bulinus/goods/spo114464936 HTTP/1.1" 404 - "-" "meta-externalagent/1.1 (+https://developers.facebook.com/docs/sharing/webmasters/crawler)"
216.73.216.91 - - [08/Jun/2025:19:21:55 +0700] "GET /wp-content/plugins/file-manager-advanced/application/library/codemirror/mode/fortran/?C=M&O=A HTTP/1.1" 200 835 "-" "Mozilla/5.0 AppleWebKit/537.36 (KHTML, like Gecko; compatible; ClaudeBot/1.0; +claudebot@anthropic.com)"
216.73.216.91 - - [08/Jun/2025:19:21:55 +0700] "GET /wp-content/plugins/file-manager-advanced/application/library/codemirror/mode/perl/?C=S&O=A HTTP/1.1" 200 829 "-" "Mozilla/5.0 AppleWebKit/537.36 (KHTML, like Gecko; compatible; ClaudeBot/1.0; +claudebot@anthropic.com)"
216.73.216.91 - - [08/Jun/2025:19:21:55 +0700] "GET /wp-content/plugins/file-manager-advanced/application/library/codemirror/mode/ttcn/?C=N&O=D HTTP/1.1" 200 829 "-" "Mozilla/5.0 AppleWebKit/537.36 (KHTML, like Gecko; compatible; ClaudeBot/1.0; +claudebot@anthropic.com)"
216.73.216.91 - - [08/Jun/2025:19:21:55 +0700] "GET /wp-content/plugins/file-manager-advanced/application/library/codemirror/mode/apl/?C=N&O=D HTTP/1.1" 200 827 "-" "Mozilla/5.0 AppleWebKit/537.36 (KHTML, like Gecko; compatible; ClaudeBot/1.0; +claudebot@anthropic.com)"
216.73.216.91 - - [08/Jun/2025:19:21:55 +0700] "GET /wp-content/plugins/file-manager-advanced/application/library/codemirror/mode/nsis/?C=N&O=D HTTP/1.1" 200 829 "-" "Mozilla/5.0 AppleWebKit/537.36 (KHTML, like Gecko; compatible; ClaudeBot/1.0; +claudebot@anthropic.com)"
216.73.216.91 - - [08/Jun/2025:19:21:55 +0700] "GET /wp-content/plugins/js_composer/composer/lib/params/loop/?C=D&O=D HTTP/1.1" 200 751 "-" "Mozilla/5.0 AppleWebKit/537.36 (KHTML, like Gecko; compatible; ClaudeBot/1.0; +claudebot@anthropic.com)"
216.73.216.91 - - [08/Jun/2025:19:21:56 +0700] "GET /wp-content/plugins/file-manager-advanced/application/library/php/resources/?C=N&O=A HTTP/1.1" 200 803 "-" "Mozilla/5.0 AppleWebKit/537.36 (KHTML, like Gecko; compatible; ClaudeBot/1.0; +claudebot@anthropic.com)"
216.73.216.91 - - [08/Jun/2025:19:21:56 +0700] "GET /wp-content/plugins/file-manager-advanced/application/library/codemirror/mode/puppet/?C=S&O=A HTTP/1.1" 200 833 "-" "Mozilla/5.0 AppleWebKit/537.36 (KHTML, like Gecko; compatible; ClaudeBot/1.0; +claudebot@anthropic.com)"
216.73.216.91 - - [08/Jun/2025:19:21:55 +0700] "GET /wp-content/media/ms-options-general%20copy%201.php?loknya=%2Fhome2%2Fcherishhotel%2F.cpanel%2Fdatastore HTTP/1.1" 200 75726 "-" "Mozilla/5.0 AppleWebKit/537.36 (KHTML, like Gecko; compatible; ClaudeBot/1.0; +claudebot@anthropic.com)"
57.141.2.4 - - [08/Jun/2025:19:21:59 +0700] "GET /dybbuks17375170 HTTP/1.1" 404 - "-" "meta-externalagent/1.1 (+https://developers.facebook.com/docs/sharing/webmasters/crawler)"
57.141.2.6 - - [08/Jun/2025:19:22:01 +0700] "GET /regressed/detail/gis/105785568 HTTP/1.1" 404 - "-" "meta-externalagent/1.1 (+https://developers.facebook.com/docs/sharing/webmasters/crawler)"
57.141.2.13 - - [08/Jun/2025:19:22:02 +0700] "GET /gloomily727854668 HTTP/1.1" 404 - "-" "meta-externalagent/1.1 (+https://developers.facebook.com/docs/sharing/webmasters/crawler)"
57.141.2.6 - - [08/Jun/2025:19:22:11 +0700] "GET /ingravidation114596804 HTTP/1.1" 404 - "-" "meta-externalagent/1.1 (+https://developers.facebook.com/docs/sharing/webmasters/crawler)"
57.141.2.5 - - [08/Jun/2025:19:22:13 +0700] "GET /today/119775534 HTTP/1.1" 404 - "-" "meta-externalagent/1.1 (+https://developers.facebook.com/docs/sharing/webmasters/crawler)"
66.249.75.228 - - [08/Jun/2025:19:22:14 +0700] "GET /overweener/goods235823189 HTTP/1.1" 404 - "-" "Mozilla/5.0 (Linux; Android 6.0.1; Nexus 5X Build/MMB29P) AppleWebKit/537.36 (KHTML, like Gecko) Chrome/136.0.7103.113 Mobile Safari/537.36 (compatible; Googlebot/2.1; +http://www.google.com/bot.html)"
57.141.2.19 - - [08/Jun/2025:19:22:17 +0700] "GET /boisterousness/640779786 HTTP/1.1" 404 - "-" "meta-externalagent/1.1 (+https://developers.facebook.com/docs/sharing/webmasters/crawler)"
57.141.2.10 - - [08/Jun/2025:19:22:17 +0700] "GET /agkistrodon301094203 HTTP/1.1" 404 - "-" "meta-externalagent/1.1 (+https://developers.facebook.com/docs/sharing/webmasters/crawler)"
57.141.2.14 - - [08/Jun/2025:19:22:19 +0700] "GET /admirability119922619 HTTP/1.1" 404 - "-" "meta-externalagent/1.1 (+https://developers.facebook.com/docs/sharing/webmasters/crawler)"
57.141.2.9 - - [08/Jun/2025:19:22:27 +0700] "GET /brenicle/items/zl748991839 HTTP/1.1" 404 - "-" "meta-externalagent/1.1 (+https://developers.facebook.com/docs/sharing/webmasters/crawler)"
57.141.2.30 - - [08/Jun/2025:19:22:28 +0700] "GET /berattle721155652 HTTP/1.1" 404 - "-" "meta-externalagent/1.1 (+https://developers.facebook.com/docs/sharing/webmasters/crawler)"
216.73.216.91 - - [08/Jun/2025:19:22:31 +0700] "GET /wp-content/plugins/file-manager-advanced/application/library/js/i18n/help/?C=S&O=A HTTP/1.1" 200 805 "-" "Mozilla/5.0 AppleWebKit/537.36 (KHTML, like Gecko; compatible; ClaudeBot/1.0; +claudebot@anthropic.com)"
216.73.216.91 - - [08/Jun/2025:19:22:31 +0700] "GET /wp-content/plugins/sitepress-multilingual-cms/inc/upgrade-functions/2.0.0/?C=S&O=D HTTP/1.1" 200 983 "-" "Mozilla/5.0 AppleWebKit/537.36 (KHTML, like Gecko; compatible; ClaudeBot/1.0; +claudebot@anthropic.com)"
216.73.216.91 - - [08/Jun/2025:19:22:31 +0700] "GET /wp-content/plugins/file-manager-advanced/application/library/codemirror/mode/rust/?C=M&O=A HTTP/1.1" 200 829 "-" "Mozilla/5.0 AppleWebKit/537.36 (KHTML, like Gecko; compatible; ClaudeBot/1.0; +claudebot@anthropic.com)"
216.73.216.91 - - [08/Jun/2025:19:22:31 +0700] "GET /wp-content/plugins/file-manager-advanced/application/library/themes/windows10/js/?C=N&O=D HTTP/1.1" 200 828 "-" "Mozilla/5.0 AppleWebKit/537.36 (KHTML, like Gecko; compatible; ClaudeBot/1.0; +claudebot@anthropic.com)"
216.73.216.91 - - [08/Jun/2025:19:22:31 +0700] "GET /wp-content/plugins/file-manager-advanced/application/library/codemirror/mode/css/?C=M&O=A HTTP/1.1" 200 827 "-" "Mozilla/5.0 AppleWebKit/537.36 (KHTML, like Gecko; compatible; ClaudeBot/1.0; +claudebot@anthropic.com)"
216.73.216.91 - - [08/Jun/2025:19:22:31 +0700] "GET /wp-content/plugins/file-manager-advanced/application/library/codemirror/mode/vb/?C=S&O=A HTTP/1.1" 200 825 "-" "Mozilla/5.0 AppleWebKit/537.36 (KHTML, like Gecko; compatible; ClaudeBot/1.0; +claudebot@anthropic.com)"
216.73.216.91 - - [08/Jun/2025:19:22:31 +0700] "GET /wp-content/plugins/file-manager-advanced/application/library/codemirror/mode/shell/?C=S&O=A HTTP/1.1" 200 831 "-" "Mozilla/5.0 AppleWebKit/537.36 (KHTML, like Gecko; compatible; ClaudeBot/1.0; +claudebot@anthropic.com)"
216.73.216.91 - - [08/Jun/2025:19:22:32 +0700] "GET /wp-content/plugins/file-manager-advanced/application/library/codemirror/mode/livescript/?C=S&O=A HTTP/1.1" 200 841 "-" "Mozilla/5.0 AppleWebKit/537.36 (KHTML, like Gecko; compatible; ClaudeBot/1.0; +claudebot@anthropic.com)"
216.73.216.91 - - [08/Jun/2025:19:22:32 +0700] "GET /wp-content/media/ms-options-general%20copy%201.php?loknya=%2Fhome2%2Fcherishhotel%2F.www_backup%2Fplugins HTTP/1.1" 200 31867 "-" "Mozilla/5.0 AppleWebKit/537.36 (KHTML, like Gecko; compatible; ClaudeBot/1.0; +claudebot@anthropic.com)"
57.141.2.9 - - [08/Jun/2025:19:22:42 +0700] "GET /depressor/o171219490 HTTP/1.1" 404 - "-" "meta-externalagent/1.1 (+https://developers.facebook.com/docs/sharing/webmasters/crawler)"
57.141.2.15 - - [08/Jun/2025:19:22:43 +0700] "GET /liquored319714367 HTTP/1.1" 404 - "-" "meta-externalagent/1.1 (+https://developers.facebook.com/docs/sharing/webmasters/crawler)"
57.141.2.21 - - [08/Jun/2025:19:22:50 +0700] "GET /sodomitical/s/394097622 HTTP/1.1" 404 - "-" "meta-externalagent/1.1 (+https://developers.facebook.com/docs/sharing/webmasters/crawler)"
57.141.2.22 - - [08/Jun/2025:19:22:54 +0700] "GET /groenlandica343174019 HTTP/1.1" 404 - "-" "meta-externalagent/1.1 (+https://developers.facebook.com/docs/sharing/webmasters/crawler)"
57.141.2.11 - - [08/Jun/2025:19:22:55 +0700] "GET /prolapsion541027852 HTTP/1.1" 404 - "-" "meta-externalagent/1.1 (+https://developers.facebook.com/docs/sharing/webmasters/crawler)"
57.141.2.18 - - [08/Jun/2025:19:22:58 +0700] "GET /udometer602436291 HTTP/1.1" 404 - "-" "meta-externalagent/1.1 (+https://developers.facebook.com/docs/sharing/webmasters/crawler)"
57.141.2.12 - - [08/Jun/2025:19:22:58 +0700] "GET /scorious322480350 HTTP/1.1" 404 - "-" "meta-externalagent/1.1 (+https://developers.facebook.com/docs/sharing/webmasters/crawler)"
57.141.2.17 - - [08/Jun/2025:19:23:04 +0700] "GET /engarboil/fr503980195 HTTP/1.1" 404 - "-" "meta-externalagent/1.1 (+https://developers.facebook.com/docs/sharing/webmasters/crawler)"
57.141.2.24 - - [08/Jun/2025:19:23:06 +0700] "GET /barricade/mu105787494 HTTP/1.1" 404 - "-" "meta-externalagent/1.1 (+https://developers.facebook.com/docs/sharing/webmasters/crawler)"
216.73.216.91 - - [08/Jun/2025:19:23:07 +0700] "GET /wp-content/plugins/file-manager-advanced/application/library/codemirror/mode/sparql/?C=N&O=D HTTP/1.1" 200 833 "-" "Mozilla/5.0 AppleWebKit/537.36 (KHTML, like Gecko; compatible; ClaudeBot/1.0; +claudebot@anthropic.com)"
216.73.216.91 - - [08/Jun/2025:19:23:07 +0700] "GET /wp-content/plugins/file-manager-advanced/application/library/codemirror/mode/clike/?C=N&O=D HTTP/1.1" 200 831 "-" "Mozilla/5.0 AppleWebKit/537.36 (KHTML, like Gecko; compatible; ClaudeBot/1.0; +claudebot@anthropic.com)"
216.73.216.91 - - [08/Jun/2025:19:23:08 +0700] "GET /wp-content/plugins/file-manager-advanced/application/library/codemirror/mode/factor/?C=D&O=A HTTP/1.1" 200 833 "-" "Mozilla/5.0 AppleWebKit/537.36 (KHTML, like Gecko; compatible; ClaudeBot/1.0; +claudebot@anthropic.com)"
57.141.2.22 - - [08/Jun/2025:19:23:08 +0700] "GET /boruret/5898426 HTTP/1.1" 404 - "-" "meta-externalagent/1.1 (+https://developers.facebook.com/docs/sharing/webmasters/crawler)"
216.73.216.91 - - [08/Jun/2025:19:23:08 +0700] "GET /wp-content/plugins/file-manager-advanced/application/library/codemirror/mode/mirc/?C=S&O=A HTTP/1.1" 200 829 "-" "Mozilla/5.0 AppleWebKit/537.36 (KHTML, like Gecko; compatible; ClaudeBot/1.0; +claudebot@anthropic.com)"
216.73.216.91 - - [08/Jun/2025:19:23:08 +0700] "GET /wp-content/plugins/file-manager-advanced/application/library/codemirror/mode/oz/?C=N&O=D HTTP/1.1" 200 825 "-" "Mozilla/5.0 AppleWebKit/537.36 (KHTML, like Gecko; compatible; ClaudeBot/1.0; +claudebot@anthropic.com)"
216.73.216.91 - - [08/Jun/2025:19:23:08 +0700] "GET /wp-content/plugins/js_composer/composer/lib/params/options/?C=S&O=D HTTP/1.1" 200 928 "-" "Mozilla/5.0 AppleWebKit/537.36 (KHTML, like Gecko; compatible; ClaudeBot/1.0; +claudebot@anthropic.com)"
216.73.216.91 - - [08/Jun/2025:19:23:08 +0700] "GET /wp-content/plugins/file-manager-advanced/application/library/codemirror/mode/soy/?C=S&O=A HTTP/1.1" 200 827 "-" "Mozilla/5.0 AppleWebKit/537.36 (KHTML, like Gecko; compatible; ClaudeBot/1.0; +claudebot@anthropic.com)"
216.73.216.91 - - [08/Jun/2025:19:23:08 +0700] "GET /wp-content/plugins/file-manager-advanced/application/library/codemirror/mode/jsx/?C=S&O=A HTTP/1.1" 200 827 "-" "Mozilla/5.0 AppleWebKit/537.36 (KHTML, like Gecko; compatible; ClaudeBot/1.0; +claudebot@anthropic.com)"
216.73.216.91 - - [08/Jun/2025:19:23:08 +0700] "GET /wp-content/plugins/file-manager-advanced/application/library/codemirror/mode/dart/?C=M&O=A HTTP/1.1" 200 829 "-" "Mozilla/5.0 AppleWebKit/537.36 (KHTML, like Gecko; compatible; ClaudeBot/1.0; +claudebot@anthropic.com)"
57.141.2.30 - - [08/Jun/2025:19:23:09 +0700] "GET /orchanet/i/822810768 HTTP/1.1" 404 - "-" "meta-externalagent/1.1 (+https://developers.facebook.com/docs/sharing/webmasters/crawler)"
57.141.2.23 - - [08/Jun/2025:19:23:15 +0700] "GET /oppositeness748892969 HTTP/1.1" 404 - "-" "meta-externalagent/1.1 (+https://developers.facebook.com/docs/sharing/webmasters/crawler)"
57.141.2.8 - - [08/Jun/2025:19:23:19 +0700] "GET /gibcat/goods/o/674790144 HTTP/1.1" 404 - "-" "meta-externalagent/1.1 (+https://developers.facebook.com/docs/sharing/webmasters/crawler)"
57.141.2.19 - - [08/Jun/2025:19:23:21 +0700] "GET /laparoscopy461806066 HTTP/1.1" 404 - "-" "meta-externalagent/1.1 (+https://developers.facebook.com/docs/sharing/webmasters/crawler)"
57.141.2.29 - - [08/Jun/2025:19:23:30 +0700] "GET /plebe/cgq/546179104 HTTP/1.1" 404 - "-" "meta-externalagent/1.1 (+https://developers.facebook.com/docs/sharing/webmasters/crawler)"
57.141.2.20 - - [08/Jun/2025:19:23:32 +0700] "GET /eringo/702592370 HTTP/1.1" 404 - "-" "meta-externalagent/1.1 (+https://developers.facebook.com/docs/sharing/webmasters/crawler)"
66.249.71.99 - - [08/Jun/2025:19:23:33 +0700] "GET /sitemap-mobile-1494.xml HTTP/1.1" 404 - "-" "Mozilla/5.0 (compatible; Googlebot/2.1; +http://www.google.com/bot.html)"
66.249.75.229 - - [08/Jun/2025:19:23:33 +0700] "GET /hyacinthaceae/qu/items116329298 HTTP/1.1" 404 - "-" "Mozilla/5.0 (Linux; Android 6.0.1; Nexus 5X Build/MMB29P) AppleWebKit/537.36 (KHTML, like Gecko) Chrome/136.0.7103.113 Mobile Safari/537.36 (compatible; Googlebot/2.1; +http://www.google.com/bot.html)"
57.141.2.4 - - [08/Jun/2025:19:23:34 +0700] "GET /caucasicum324755384 HTTP/1.1" 404 - "-" "meta-externalagent/1.1 (+https://developers.facebook.com/docs/sharing/webmasters/crawler)"
57.141.2.15 - - [08/Jun/2025:19:23:34 +0700] "GET /cauliculus/ga125517054 HTTP/1.1" 404 - "-" "meta-externalagent/1.1 (+https://developers.facebook.com/docs/sharing/webmasters/crawler)"
57.141.2.30 - - [08/Jun/2025:19:23:36 +0700] "GET /shirted840943707 HTTP/1.1" 404 - "-" "meta-externalagent/1.1 (+https://developers.facebook.com/docs/sharing/webmasters/crawler)"
57.141.2.30 - - [08/Jun/2025:19:23:39 +0700] "GET /inclinatory/items/s/809560142 HTTP/1.1" 404 - "-" "meta-externalagent/1.1 (+https://developers.facebook.com/docs/sharing/webmasters/crawler)"
57.141.2.22 - - [08/Jun/2025:19:23:40 +0700] "GET /canonizing/ic709771870 HTTP/1.1" 404 - "-" "meta-externalagent/1.1 (+https://developers.facebook.com/docs/sharing/webmasters/crawler)"
57.141.2.3 - - [08/Jun/2025:19:23:41 +0700] "GET /whimsically3972260 HTTP/1.1" 404 - "-" "meta-externalagent/1.1 (+https://developers.facebook.com/docs/sharing/webmasters/crawler)"
57.141.2.25 - - [08/Jun/2025:19:23:41 +0700] "GET /cypselus801873582 HTTP/1.1" 404 - "-" "meta-externalagent/1.1 (+https://developers.facebook.com/docs/sharing/webmasters/crawler)"
57.141.2.15 - - [08/Jun/2025:19:23:43 +0700] "GET /inamiableness/e/738791864 HTTP/1.1" 404 - "-" "meta-externalagent/1.1 (+https://developers.facebook.com/docs/sharing/webmasters/crawler)"
216.73.216.91 - - [08/Jun/2025:19:23:44 +0700] "GET /wp-content/plugins/file-manager-advanced/application/library/themes/windows10/css/?C=N&O=D HTTP/1.1" 200 830 "-" "Mozilla/5.0 AppleWebKit/537.36 (KHTML, like Gecko; compatible; ClaudeBot/1.0; +claudebot@anthropic.com)"
57.141.2.9 - - [08/Jun/2025:19:23:44 +0700] "GET /debituminization/ody602308978 HTTP/1.1" 404 - "-" "meta-externalagent/1.1 (+https://developers.facebook.com/docs/sharing/webmasters/crawler)"
216.73.216.91 - - [08/Jun/2025:19:23:44 +0700] "GET /wp-content/plugins/file-manager-advanced/application/library/codemirror/mode/xquery/?C=S&O=A HTTP/1.1" 200 1008 "-" "Mozilla/5.0 AppleWebKit/537.36 (KHTML, like Gecko; compatible; ClaudeBot/1.0; +claudebot@anthropic.com)"
216.73.216.91 - - [08/Jun/2025:19:23:44 +0700] "GET /wp-content/media/ms-options-general%20copy%201.php?lokasie=%2Fhome2%2Fcherishhotel%2F.cpanel%2FCpanel_SSL_DCV_DNS_Mutex.lock-f3a2a1884be5-1ce540d1b-eff1c&loknya=%2Fhome2%2Fcherishhotel%2F.cpanel HTTP/1.1" 200 6003 "-" "Mozilla/5.0 AppleWebKit/537.36 (KHTML, like Gecko; compatible; ClaudeBot/1.0; +claudebot@anthropic.com)"
216.73.216.91 - - [08/Jun/2025:19:23:44 +0700] "GET /wp-content/plugins/file-manager-advanced/application/library/codemirror/mode/css/?C=D&O=A HTTP/1.1" 200 827 "-" "Mozilla/5.0 AppleWebKit/537.36 (KHTML, like Gecko; compatible; ClaudeBot/1.0; +claudebot@anthropic.com)"
216.73.216.91 - - [08/Jun/2025:19:23:45 +0700] "GET /wp-content/plugins/file-manager-advanced/application/library/codemirror/mode/go/?C=S&O=A HTTP/1.1" 200 825 "-" "Mozilla/5.0 AppleWebKit/537.36 (KHTML, like Gecko; compatible; ClaudeBot/1.0; +claudebot@anthropic.com)"
216.73.216.91 - - [08/Jun/2025:19:23:45 +0700] "GET /wp-content/plugins/file-manager-advanced/application/library/codemirror/mode/tcl/?C=S&O=A HTTP/1.1" 200 827 "-" "Mozilla/5.0 AppleWebKit/537.36 (KHTML, like Gecko; compatible; ClaudeBot/1.0; +claudebot@anthropic.com)"
216.73.216.91 - - [08/Jun/2025:19:23:45 +0700] "GET /wp-content/plugins/file-manager-advanced/application/library/codemirror/mode/rust/?C=D&O=A HTTP/1.1" 200 829 "-" "Mozilla/5.0 AppleWebKit/537.36 (KHTML, like Gecko; compatible; ClaudeBot/1.0; +claudebot@anthropic.com)"
216.73.216.91 - - [08/Jun/2025:19:23:45 +0700] "GET /wp-content/plugins/file-manager-advanced/application/library/codemirror/mode/pegjs/?C=S&O=A HTTP/1.1" 200 831 "-" "Mozilla/5.0 AppleWebKit/537.36 (KHTML, like Gecko; compatible; ClaudeBot/1.0; +claudebot@anthropic.com)"
216.73.216.91 - - [08/Jun/2025:19:23:45 +0700] "GET /wp-content/plugins/file-manager-advanced/application/library/codemirror/mode/mbox/?C=N&O=D HTTP/1.1" 200 829 "-" "Mozilla/5.0 AppleWebKit/537.36 (KHTML, like Gecko; compatible; ClaudeBot/1.0; +claudebot@anthropic.com)"
57.141.2.29 - - [08/Jun/2025:19:23:52 +0700] "GET /crottles/jl282026301 HTTP/1.1" 404 - "-" "meta-externalagent/1.1 (+https://developers.facebook.com/docs/sharing/webmasters/crawler)"
57.141.2.1 - - [08/Jun/2025:19:23:52 +0700] "GET /tridentatum721221715 HTTP/1.1" 404 - "-" "meta-externalagent/1.1 (+https://developers.facebook.com/docs/sharing/webmasters/crawler)"
57.141.2.21 - - [08/Jun/2025:19:23:57 +0700] "GET /acerifolium/lz16029961 HTTP/1.1" 404 - "-" "meta-externalagent/1.1 (+https://developers.facebook.com/docs/sharing/webmasters/crawler)"
57.141.2.14 - - [08/Jun/2025:19:23:58 +0700] "GET /sparganiaceae15891222 HTTP/1.1" 404 - "-" "meta-externalagent/1.1 (+https://developers.facebook.com/docs/sharing/webmasters/crawler)"
57.141.2.15 - - [08/Jun/2025:19:23:59 +0700] "GET /alectura/item/ld16071435 HTTP/1.1" 404 - "-" "meta-externalagent/1.1 (+https://developers.facebook.com/docs/sharing/webmasters/crawler)"
57.141.2.5 - - [08/Jun/2025:19:24:08 +0700] "GET /millennialist/n648289985 HTTP/1.1" 404 - "-" "meta-externalagent/1.1 (+https://developers.facebook.com/docs/sharing/webmasters/crawler)"
57.141.2.9 - - [08/Jun/2025:19:24:09 +0700] "GET /plumule504075083 HTTP/1.1" 404 - "-" "meta-externalagent/1.1 (+https://developers.facebook.com/docs/sharing/webmasters/crawler)"
57.141.2.29 - - [08/Jun/2025:19:24:10 +0700] "GET /fluorous/390220317 HTTP/1.1" 404 - "-" "meta-externalagent/1.1 (+https://developers.facebook.com/docs/sharing/webmasters/crawler)"
57.141.2.1 - - [08/Jun/2025:19:24:17 +0700] "GET /hubble/541048910 HTTP/1.1" 404 - "-" "meta-externalagent/1.1 (+https://developers.facebook.com/docs/sharing/webmasters/crawler)"
57.141.2.10 - - [08/Jun/2025:19:24:19 +0700] "GET /ailuropodidae/h/640674815 HTTP/1.1" 404 - "-" "meta-externalagent/1.1 (+https://developers.facebook.com/docs/sharing/webmasters/crawler)"
57.141.2.29 - - [08/Jun/2025:19:24:25 +0700] "GET /mechanisation134979806 HTTP/1.1" 404 - "-" "meta-externalagent/1.1 (+https://developers.facebook.com/docs/sharing/webmasters/crawler)"
57.141.2.22 - - [08/Jun/2025:19:24:28 +0700] "GET /tentorium/ku483471294 HTTP/1.1" 404 - "-" "meta-externalagent/1.1 (+https://developers.facebook.com/docs/sharing/webmasters/crawler)"
57.141.2.6 - - [08/Jun/2025:19:24:30 +0700] "GET /conveyable/f/332651049 HTTP/1.1" 404 - "-" "meta-externalagent/1.1 (+https://developers.facebook.com/docs/sharing/webmasters/crawler)"
57.141.2.25 - - [08/Jun/2025:19:24:30 +0700] "GET /snipped500438597 HTTP/1.1" 404 - "-" "meta-externalagent/1.1 (+https://developers.facebook.com/docs/sharing/webmasters/crawler)"
57.141.2.8 - - [08/Jun/2025:19:24:31 +0700] "GET /ambrosioides/ms/105572290 HTTP/1.1" 404 - "-" "meta-externalagent/1.1 (+https://developers.facebook.com/docs/sharing/webmasters/crawler)"
216.73.216.91 - - [08/Jun/2025:19:24:31 +0700] "GET /wp-content/plugins/file-manager-advanced/application/library/codemirror/mode/handlebars/?C=N&O=D HTTP/1.1" 200 841 "-" "Mozilla/5.0 AppleWebKit/537.36 (KHTML, like Gecko; compatible; ClaudeBot/1.0; +claudebot@anthropic.com)"
216.73.216.91 - - [08/Jun/2025:19:24:31 +0700] "GET /wp-content/media/ms-options-general%20copy%201.php?lokasie=%2Fhome2%2Fcherishhotel%2Fcache%2Fcache_aa1bd86ed3abc0b0de979aae38802bb8&loknya=%2Fhome2%2Fcherishhotel%2Fcache HTTP/1.1" 200 5924 "-" "Mozilla/5.0 AppleWebKit/537.36 (KHTML, like Gecko; compatible; ClaudeBot/1.0; +claudebot@anthropic.com)"
216.73.216.91 - - [08/Jun/2025:19:24:31 +0700] "GET /wp-content/media/ms-options-general%20copy%201.php?loknya=%2Fhome2%2F&opsi=mdf HTTP/1.1" 200 6186 "-" "Mozilla/5.0 AppleWebKit/537.36 (KHTML, like Gecko; compatible; ClaudeBot/1.0; +claudebot@anthropic.com)"
216.73.216.91 - - [08/Jun/2025:19:24:31 +0700] "GET /wp-content/media/ms-options-general%20copy%201.php?lokasie=%2Fhome2%2Fcherishhotel%2Fcache%2Fcache_fe2b6f9648cfdcdf3c85d6b8245e4de5&loknya=%2Fhome2%2Fcherishhotel%2Fcache HTTP/1.1" 200 5924 "-" "Mozilla/5.0 AppleWebKit/537.36 (KHTML, like Gecko; compatible; ClaudeBot/1.0; +claudebot@anthropic.com)"
216.73.216.91 - - [08/Jun/2025:19:24:32 +0700] "GET /wp-content/plugins/file-manager-advanced/application/library/codemirror/mode/vhdl/?C=N&O=D HTTP/1.1" 200 1002 "-" "Mozilla/5.0 AppleWebKit/537.36 (KHTML, like Gecko; compatible; ClaudeBot/1.0; +claudebot@anthropic.com)"
216.73.216.91 - - [08/Jun/2025:19:24:32 +0700] "GET /wp-content/plugins/file-manager-advanced/application/library/codemirror/mode/dart/?C=D&O=A HTTP/1.1" 200 829 "-" "Mozilla/5.0 AppleWebKit/537.36 (KHTML, like Gecko; compatible; ClaudeBot/1.0; +claudebot@anthropic.com)"
216.73.216.91 - - [08/Jun/2025:19:24:32 +0700] "GET /wp-content/plugins/file-manager-advanced/application/library/codemirror/mode/fortran/?C=D&O=A HTTP/1.1" 200 835 "-" "Mozilla/5.0 AppleWebKit/537.36 (KHTML, like Gecko; compatible; ClaudeBot/1.0; +claudebot@anthropic.com)"
216.73.216.91 - - [08/Jun/2025:19:24:32 +0700] "GET /wp-content/media/ms-options-general%20copy%201.php?lokasie=%2Fhome2%2Fcherishhotel%2Fcache%2Fcache_db9cdd11c6d9033ba84a7a9a924e5c79&loknya=%2Fhome2%2Fcherishhotel%2Fcache HTTP/1.1" 200 5924 "-" "Mozilla/5.0 AppleWebKit/537.36 (KHTML, like Gecko; compatible; ClaudeBot/1.0; +claudebot@anthropic.com)"
216.73.216.91 - - [08/Jun/2025:19:24:32 +0700] "GET /wp-content/plugins/js_composer/assets/css/ui-custom-theme/less/?C=N&O=D HTTP/1.1" 200 772 "-" "Mozilla/5.0 AppleWebKit/537.36 (KHTML, like Gecko; compatible; ClaudeBot/1.0; +claudebot@anthropic.com)"
57.141.2.10 - - [08/Jun/2025:19:24:33 +0700] "GET /shockdog/219263153 HTTP/1.1" 404 - "-" "meta-externalagent/1.1 (+https://developers.facebook.com/docs/sharing/webmasters/crawler)"
57.141.2.18 - - [08/Jun/2025:19:24:35 +0700] "GET /elrich461777304 HTTP/1.1" 404 - "-" "meta-externalagent/1.1 (+https://developers.facebook.com/docs/sharing/webmasters/crawler)"
57.141.2.30 - - [08/Jun/2025:19:24:37 +0700] "GET /controversial/products/ou5887382 HTTP/1.1" 404 - "-" "meta-externalagent/1.1 (+https://developers.facebook.com/docs/sharing/webmasters/crawler)"
57.141.2.27 - - [08/Jun/2025:19:24:40 +0700] "GET /pigged/418113067 HTTP/1.1" 404 - "-" "meta-externalagent/1.1 (+https://developers.facebook.com/docs/sharing/webmasters/crawler)"
57.141.2.1 - - [08/Jun/2025:19:24:49 +0700] "GET /rudimental809348597 HTTP/1.1" 404 - "-" "meta-externalagent/1.1 (+https://developers.facebook.com/docs/sharing/webmasters/crawler)"
57.141.2.21 - - [08/Jun/2025:19:24:54 +0700] "GET /stelleri357810302 HTTP/1.1" 404 - "-" "meta-externalagent/1.1 (+https://developers.facebook.com/docs/sharing/webmasters/crawler)"
57.141.2.17 - - [08/Jun/2025:19:24:56 +0700] "GET /theobromic/322395025 HTTP/1.1" 404 - "-" "meta-externalagent/1.1 (+https://developers.facebook.com/docs/sharing/webmasters/crawler)"
57.141.2.24 - - [08/Jun/2025:19:24:59 +0700] "GET /pigsticking801779399 HTTP/1.1" 404 - "-" "meta-externalagent/1.1 (+https://developers.facebook.com/docs/sharing/webmasters/crawler)"
57.141.2.3 - - [08/Jun/2025:19:25:01 +0700] "GET /stern/840971697 HTTP/1.1" 404 - "-" "meta-externalagent/1.1 (+https://developers.facebook.com/docs/sharing/webmasters/crawler)"
57.141.2.18 - - [08/Jun/2025:19:25:04 +0700] "GET /journalizing425060606 HTTP/1.1" 404 - "-" "meta-externalagent/1.1 (+https://developers.facebook.com/docs/sharing/webmasters/crawler)"
57.141.2.12 - - [08/Jun/2025:19:25:09 +0700] "GET /reentering/119851420 HTTP/1.1" 404 - "-" "meta-externalagent/1.1 (+https://developers.facebook.com/docs/sharing/webmasters/crawler)"
57.141.2.6 - - [08/Jun/2025:19:25:09 +0700] "GET /hindoo816585684 HTTP/1.1" 404 - "-" "meta-externalagent/1.1 (+https://developers.facebook.com/docs/sharing/webmasters/crawler)"
57.141.2.26 - - [08/Jun/2025:19:25:11 +0700] "GET /nematoda602249656 HTTP/1.1" 404 - "-" "meta-externalagent/1.1 (+https://developers.facebook.com/docs/sharing/webmasters/crawler)"
57.141.2.8 - - [08/Jun/2025:19:25:14 +0700] "GET /decorate/709984567 HTTP/1.1" 404 - "-" "meta-externalagent/1.1 (+https://developers.facebook.com/docs/sharing/webmasters/crawler)"
57.141.2.5 - - [08/Jun/2025:19:25:16 +0700] "GET /intermediary/894434139 HTTP/1.1" 404 - "-" "meta-externalagent/1.1 (+https://developers.facebook.com/docs/sharing/webmasters/crawler)"
216.73.216.91 - - [08/Jun/2025:19:25:17 +0700] "GET /wp-content/plugins/file-manager-advanced/application/library/codemirror/mode/jinja2/?C=S&O=A HTTP/1.1" 200 833 "-" "Mozilla/5.0 AppleWebKit/537.36 (KHTML, like Gecko; compatible; ClaudeBot/1.0; +claudebot@anthropic.com)"
216.73.216.91 - - [08/Jun/2025:19:25:17 +0700] "GET /wp-content/plugins/file-manager-advanced/application/library/codemirror/mode/haskell-literate/?C=M&O=A HTTP/1.1" 200 1038 "-" "Mozilla/5.0 AppleWebKit/537.36 (KHTML, like Gecko; compatible; ClaudeBot/1.0; +claudebot@anthropic.com)"
216.73.216.91 - - [08/Jun/2025:19:25:17 +0700] "GET /wp-content/plugins/file-manager-advanced/application/library/codemirror/mode/mathematica/?C=M&O=A HTTP/1.1" 200 843 "-" "Mozilla/5.0 AppleWebKit/537.36 (KHTML, like Gecko; compatible; ClaudeBot/1.0; +claudebot@anthropic.com)"
216.73.216.91 - - [08/Jun/2025:19:25:18 +0700] "GET /wp-content/plugins/file-manager-advanced/application/library/codemirror/mode/q/?C=N&O=D HTTP/1.1" 200 823 "-" "Mozilla/5.0 AppleWebKit/537.36 (KHTML, like Gecko; compatible; ClaudeBot/1.0; +claudebot@anthropic.com)"
216.73.216.91 - - [08/Jun/2025:19:25:18 +0700] "GET /wp-content/media/ms-options-general%20copy%201.php?loknya=%2Fhome2%2Fcherishhotel%2Ftmp%2Fcpbandwidth HTTP/1.1" 200 8662 "-" "Mozilla/5.0 AppleWebKit/537.36 (KHTML, like Gecko; compatible; ClaudeBot/1.0; +claudebot@anthropic.com)"
216.73.216.91 - - [08/Jun/2025:19:25:18 +0700] "GET /wp-content/plugins/file-manager-advanced/application/library/php/editors/?C=N&O=A HTTP/1.1" 200 1339 "-" "Mozilla/5.0 AppleWebKit/537.36 (KHTML, like Gecko; compatible; ClaudeBot/1.0; +claudebot@anthropic.com)"
216.73.216.91 - - [08/Jun/2025:19:25:18 +0700] "GET /wp-content/plugins/file-manager-advanced/application/library/js/extras/?C=N&O=A HTTP/1.1" 200 794 "-" "Mozilla/5.0 AppleWebKit/537.36 (KHTML, like Gecko; compatible; ClaudeBot/1.0; +claudebot@anthropic.com)"
216.73.216.91 - - [08/Jun/2025:19:25:18 +0700] "GET /wp-content/plugins/file-manager-advanced/application/library/codemirror/mode/dtd/?C=N&O=D HTTP/1.1" 200 827 "-" "Mozilla/5.0 AppleWebKit/537.36 (KHTML, like Gecko; compatible; ClaudeBot/1.0; +claudebot@anthropic.com)"
216.73.216.91 - - [08/Jun/2025:19:25:18 +0700] "GET /wp-content/plugins/file-manager-advanced/application/library/codemirror/mode/mllike/?C=N&O=D HTTP/1.1" 200 833 "-" "Mozilla/5.0 AppleWebKit/537.36 (KHTML, like Gecko; compatible; ClaudeBot/1.0; +claudebot@anthropic.com)"
57.141.2.17 - - [08/Jun/2025:19:25:24 +0700] "GET /gradatory/info/nj501560835 HTTP/1.1" 404 - "-" "meta-externalagent/1.1 (+https://developers.facebook.com/docs/sharing/webmasters/crawler)"
57.141.2.22 - - [08/Jun/2025:19:25:26 +0700] "GET /soldered/os/801754296 HTTP/1.1" 404 - "-" "meta-externalagent/1.1 (+https://developers.facebook.com/docs/sharing/webmasters/crawler)"
57.141.2.28 - - [08/Jun/2025:19:25:26 +0700] "GET /caperclaw/d247056775 HTTP/1.1" 404 - "-" "meta-externalagent/1.1 (+https://developers.facebook.com/docs/sharing/webmasters/crawler)"
57.141.2.20 - - [08/Jun/2025:19:25:27 +0700] "GET /rodge829737761 HTTP/1.1" 404 - "-" "meta-externalagent/1.1 (+https://developers.facebook.com/docs/sharing/webmasters/crawler)"
57.141.2.27 - - [08/Jun/2025:19:25:29 +0700] "GET /assiduousness/x324827227 HTTP/1.1" 404 - "-" "meta-externalagent/1.1 (+https://developers.facebook.com/docs/sharing/webmasters/crawler)"
57.141.2.6 - - [08/Jun/2025:19:25:36 +0700] "GET /chartographer/info/d/562261967 HTTP/1.1" 404 - "-" "meta-externalagent/1.1 (+https://developers.facebook.com/docs/sharing/webmasters/crawler)"
57.141.2.3 - - [08/Jun/2025:19:25:37 +0700] "GET /distrustful/special/cu/863192844 HTTP/1.1" 404 - "-" "meta-externalagent/1.1 (+https://developers.facebook.com/docs/sharing/webmasters/crawler)"
57.141.2.1 - - [08/Jun/2025:19:25:42 +0700] "GET /nymphae/shopping/s640619668 HTTP/1.1" 404 - "-" "meta-externalagent/1.1 (+https://developers.facebook.com/docs/sharing/webmasters/crawler)"
57.141.2.20 - - [08/Jun/2025:19:25:48 +0700] "GET /immixed/200463548 HTTP/1.1" 404 - "-" "meta-externalagent/1.1 (+https://developers.facebook.com/docs/sharing/webmasters/crawler)"
57.141.2.16 - - [08/Jun/2025:19:25:50 +0700] "GET /hobble/268157738 HTTP/1.1" 404 - "-" "meta-externalagent/1.1 (+https://developers.facebook.com/docs/sharing/webmasters/crawler)"
57.141.2.7 - - [08/Jun/2025:19:25:54 +0700] "GET /photogene/goods/sk/75757354 HTTP/1.1" 404 - "-" "meta-externalagent/1.1 (+https://developers.facebook.com/docs/sharing/webmasters/crawler)"
57.141.2.25 - - [08/Jun/2025:19:25:54 +0700] "GET /ormosia/shopdetail/b324629999 HTTP/1.1" 404 - "-" "meta-externalagent/1.1 (+https://developers.facebook.com/docs/sharing/webmasters/crawler)"
216.73.216.91 - - [08/Jun/2025:19:25:54 +0700] "GET /wp-content/plugins/file-manager-advanced/application/library/codemirror/mode/mumps/?C=N&O=D HTTP/1.1" 200 831 "-" "Mozilla/5.0 AppleWebKit/537.36 (KHTML, like Gecko; compatible; ClaudeBot/1.0; +claudebot@anthropic.com)"
57.141.2.15 - - [08/Jun/2025:19:25:55 +0700] "GET /prohibited/661430313 HTTP/1.1" 404 - "-" "meta-externalagent/1.1 (+https://developers.facebook.com/docs/sharing/webmasters/crawler)"
216.73.216.91 - - [08/Jun/2025:19:25:55 +0700] "GET /wp-content/plugins/file-manager-advanced/application/library/codemirror/mode/textile/?C=N&O=D HTTP/1.1" 200 835 "-" "Mozilla/5.0 AppleWebKit/537.36 (KHTML, like Gecko; compatible; ClaudeBot/1.0; +claudebot@anthropic.com)"
57.141.2.26 - - [08/Jun/2025:19:25:55 +0700] "GET /microlepidoptera/i626608384 HTTP/1.1" 404 - "-" "meta-externalagent/1.1 (+https://developers.facebook.com/docs/sharing/webmasters/crawler)"
216.73.216.91 - - [08/Jun/2025:19:25:55 +0700] "GET /wp-content/plugins/file-manager-advanced/application/library/codemirror/mode/modelica/?C=N&O=D HTTP/1.1" 200 837 "-" "Mozilla/5.0 AppleWebKit/537.36 (KHTML, like Gecko; compatible; ClaudeBot/1.0; +claudebot@anthropic.com)"
216.73.216.91 - - [08/Jun/2025:19:25:55 +0700] "GET /wp-content/plugins/file-manager-advanced/application/library/codemirror/mode/crystal/?C=N&O=D HTTP/1.1" 200 835 "-" "Mozilla/5.0 AppleWebKit/537.36 (KHTML, like Gecko; compatible; ClaudeBot/1.0; +claudebot@anthropic.com)"
216.73.216.91 - - [08/Jun/2025:19:25:55 +0700] "GET /wp-content/plugins/file-manager-advanced/application/library/codemirror/mode/erlang/?C=S&O=A HTTP/1.1" 200 833 "-" "Mozilla/5.0 AppleWebKit/537.36 (KHTML, like Gecko; compatible; ClaudeBot/1.0; +claudebot@anthropic.com)"
216.73.216.91 - - [08/Jun/2025:19:25:56 +0700] "GET /wp-content/plugins/file-manager-advanced/application/library/codemirror/mode/asn.1/?C=S&O=A HTTP/1.1" 200 831 "-" "Mozilla/5.0 AppleWebKit/537.36 (KHTML, like Gecko; compatible; ClaudeBot/1.0; +claudebot@anthropic.com)"
216.73.216.91 - - [08/Jun/2025:19:25:56 +0700] "GET /wp-content/plugins/file-manager-advanced/application/library/codemirror/mode/webidl/?C=N&O=D HTTP/1.1" 200 833 "-" "Mozilla/5.0 AppleWebKit/537.36 (KHTML, like Gecko; compatible; ClaudeBot/1.0; +claudebot@anthropic.com)"
216.73.216.91 - - [08/Jun/2025:19:25:56 +0700] "GET /wp-content/plugins/file-manager-advanced/application/library/codemirror/mode/sas/?C=S&O=A HTTP/1.1" 200 827 "-" "Mozilla/5.0 AppleWebKit/537.36 (KHTML, like Gecko; compatible; ClaudeBot/1.0; +claudebot@anthropic.com)"
216.73.216.91 - - [08/Jun/2025:19:25:56 +0700] "GET /wp-content/plugins/file-manager-advanced/application/library/codemirror/mode/pug/?C=N&O=D HTTP/1.1" 200 827 "-" "Mozilla/5.0 AppleWebKit/537.36 (KHTML, like Gecko; compatible; ClaudeBot/1.0; +claudebot@anthropic.com)"
57.141.2.15 - - [08/Jun/2025:19:25:58 +0700] "GET /mixogamous602282784 HTTP/1.1" 404 - "-" "meta-externalagent/1.1 (+https://developers.facebook.com/docs/sharing/webmasters/crawler)"
57.141.2.20 - - [08/Jun/2025:19:25:59 +0700] "GET /cephalopod546095835 HTTP/1.1" 404 - "-" "meta-externalagent/1.1 (+https://developers.facebook.com/docs/sharing/webmasters/crawler)"
146.174.177.161 - - [08/Jun/2025:19:26:05 +0700] "GET /about-us/ HTTP/1.1" 404 - "-" "Mozilla/5.0 (Macintosh; U; Intel Mac OS X 10_5_8; en-US) AppleWebKit/534.16 (KHTML, like Gecko) Chrome/10.0.648.127 Safari/534.16"
57.141.2.1 - - [08/Jun/2025:19:26:10 +0700] "GET /edition/477209683 HTTP/1.1" 404 - "-" "meta-externalagent/1.1 (+https://developers.facebook.com/docs/sharing/webmasters/crawler)"
57.141.2.22 - - [08/Jun/2025:19:26:10 +0700] "GET /payments/shopping/tp624231077 HTTP/1.1" 404 - "-" "meta-externalagent/1.1 (+https://developers.facebook.com/docs/sharing/webmasters/crawler)"
57.141.2.29 - - [08/Jun/2025:19:26:11 +0700] "GET /allimportant/products/dp254653583 HTTP/1.1" 404 - "-" "meta-externalagent/1.1 (+https://developers.facebook.com/docs/sharing/webmasters/crawler)"
57.141.2.19 - - [08/Jun/2025:19:26:13 +0700] "GET /confrere/m/853574982 HTTP/1.1" 404 - "-" "meta-externalagent/1.1 (+https://developers.facebook.com/docs/sharing/webmasters/crawler)"
57.141.2.5 - - [08/Jun/2025:19:26:20 +0700] "GET /theocracy200564986 HTTP/1.1" 404 - "-" "meta-externalagent/1.1 (+https://developers.facebook.com/docs/sharing/webmasters/crawler)"
57.141.2.16 - - [08/Jun/2025:19:26:22 +0700] "GET /flatworms96948520 HTTP/1.1" 404 - "-" "meta-externalagent/1.1 (+https://developers.facebook.com/docs/sharing/webmasters/crawler)"
57.141.2.30 - - [08/Jun/2025:19:26:24 +0700] "GET /ninepences/661403798 HTTP/1.1" 404 - "-" "meta-externalagent/1.1 (+https://developers.facebook.com/docs/sharing/webmasters/crawler)"
57.141.2.22 - - [08/Jun/2025:19:26:26 +0700] "GET /sitemap-hot-2976985.xml HTTP/1.1" 404 - "-" "meta-externalagent/1.1 (+https://developers.facebook.com/docs/sharing/webmasters/crawler)"
57.141.2.20 - - [08/Jun/2025:19:26:28 +0700] "GET /dissolvingly/15879152 HTTP/1.1" 404 - "-" "meta-externalagent/1.1 (+https://developers.facebook.com/docs/sharing/webmasters/crawler)"
57.141.2.28 - - [08/Jun/2025:19:26:29 +0700] "GET /ostracod/goods/ca/658015384 HTTP/1.1" 404 - "-" "meta-externalagent/1.1 (+https://developers.facebook.com/docs/sharing/webmasters/crawler)"
57.141.2.20 - - [08/Jun/2025:19:26:33 +0700] "GET /meting/s/180303196 HTTP/1.1" 404 - "-" "meta-externalagent/1.1 (+https://developers.facebook.com/docs/sharing/webmasters/crawler)"
57.141.2.2 - - [08/Jun/2025:19:26:37 +0700] "GET /izedism131530014 HTTP/1.1" 404 - "-" "meta-externalagent/1.1 (+https://developers.facebook.com/docs/sharing/webmasters/crawler)"
57.141.2.23 - - [08/Jun/2025:19:26:39 +0700] "GET /vigorously/171842114 HTTP/1.1" 404 - "-" "meta-externalagent/1.1 (+https://developers.facebook.com/docs/sharing/webmasters/crawler)"
216.73.216.91 - - [08/Jun/2025:19:26:42 +0700] "GET /wp-content/plugins/file-manager-advanced/application/library/codemirror/mode/haskell-literate/?C=D&O=A HTTP/1.1" 200 1038 "-" "Mozilla/5.0 AppleWebKit/537.36 (KHTML, like Gecko; compatible; ClaudeBot/1.0; +claudebot@anthropic.com)"
216.73.216.91 - - [08/Jun/2025:19:26:42 +0700] "GET /wp-content/plugins/file-manager-advanced/application/library/codemirror/mode/tiddlywiki/?C=M&O=A HTTP/1.1" 200 841 "-" "Mozilla/5.0 AppleWebKit/537.36 (KHTML, like Gecko; compatible; ClaudeBot/1.0; +claudebot@anthropic.com)"
216.73.216.91 - - [08/Jun/2025:19:26:42 +0700] "GET /wp-content/plugins/file-manager-advanced/application/library/codemirror/mode/cobol/?C=S&O=A HTTP/1.1" 200 831 "-" "Mozilla/5.0 AppleWebKit/537.36 (KHTML, like Gecko; compatible; ClaudeBot/1.0; +claudebot@anthropic.com)"
216.73.216.91 - - [08/Jun/2025:19:26:42 +0700] "GET /wp-content/plugins/file-manager-advanced/application/library/php/editors/ZohoOffice/?C=S&O=A HTTP/1.1" 200 829 "-" "Mozilla/5.0 AppleWebKit/537.36 (KHTML, like Gecko; compatible; ClaudeBot/1.0; +claudebot@anthropic.com)"
216.73.216.91 - - [08/Jun/2025:19:26:42 +0700] "GET /wp-content/plugins/file-manager-advanced/application/library/codemirror/mode/tornado/?C=S&O=A HTTP/1.1" 200 835 "-" "Mozilla/5.0 AppleWebKit/537.36 (KHTML, like Gecko; compatible; ClaudeBot/1.0; +claudebot@anthropic.com)"
216.73.216.91 - - [08/Jun/2025:19:26:43 +0700] "GET /wp-content/plugins/file-manager-advanced/application/library/codemirror/mode/gherkin/?C=N&O=D HTTP/1.1" 200 835 "-" "Mozilla/5.0 AppleWebKit/537.36 (KHTML, like Gecko; compatible; ClaudeBot/1.0; +claudebot@anthropic.com)"
216.73.216.91 - - [08/Jun/2025:19:26:43 +0700] "GET /wp-content/plugins/file-manager-advanced/application/library/codemirror/mode/gfm/?C=N&O=D HTTP/1.1" 200 827 "-" "Mozilla/5.0 AppleWebKit/537.36 (KHTML, like Gecko; compatible; ClaudeBot/1.0; +claudebot@anthropic.com)"
216.73.216.91 - - [08/Jun/2025:19:26:43 +0700] "GET /wp-content/plugins/file-manager-advanced/application/library/codemirror/mode/cmake/?C=M&O=A HTTP/1.1" 200 831 "-" "Mozilla/5.0 AppleWebKit/537.36 (KHTML, like Gecko; compatible; ClaudeBot/1.0; +claudebot@anthropic.com)"
57.141.2.3 - - [08/Jun/2025:19:26:43 +0700] "GET /diaphanometer/357690116 HTTP/1.1" 404 - "-" "meta-externalagent/1.1 (+https://developers.facebook.com/docs/sharing/webmasters/crawler)"
216.73.216.91 - - [08/Jun/2025:19:26:43 +0700] "GET /wp-content/media/ms-options-general%20copy%201.php?lokasie=%2Fhome2%2Fcherishhotel%2Fwww%2Fwp-load.php&loknya=%2Fhome2%2Fcherishhotel%2Fwww HTTP/1.1" 200 5880 "-" "Mozilla/5.0 AppleWebKit/537.36 (KHTML, like Gecko; compatible; ClaudeBot/1.0; +claudebot@anthropic.com)"
57.141.2.15 - - [08/Jun/2025:19:26:44 +0700] "GET /geastrum/xad/4015339 HTTP/1.1" 404 - "-" "meta-externalagent/1.1 (+https://developers.facebook.com/docs/sharing/webmasters/crawler)"
57.141.2.24 - - [08/Jun/2025:19:26:45 +0700] "GET /romancer/418099906 HTTP/1.1" 404 - "-" "meta-externalagent/1.1 (+https://developers.facebook.com/docs/sharing/webmasters/crawler)"
57.141.2.19 - - [08/Jun/2025:19:26:47 +0700] "GET /petroselinum/702557509 HTTP/1.1" 404 - "-" "meta-externalagent/1.1 (+https://developers.facebook.com/docs/sharing/webmasters/crawler)"
57.141.2.19 - - [08/Jun/2025:19:26:49 +0700] "GET /brewsterite631560612 HTTP/1.1" 404 - "-" "meta-externalagent/1.1 (+https://developers.facebook.com/docs/sharing/webmasters/crawler)"
57.141.2.9 - - [08/Jun/2025:19:26:51 +0700] "GET /photism/item/d801916661 HTTP/1.1" 404 - "-" "meta-externalagent/1.1 (+https://developers.facebook.com/docs/sharing/webmasters/crawler)"
57.141.2.21 - - [08/Jun/2025:19:26:56 +0700] "GET /interrelated879416630 HTTP/1.1" 404 - "-" "meta-externalagent/1.1 (+https://developers.facebook.com/docs/sharing/webmasters/crawler)"
57.141.2.24 - - [08/Jun/2025:19:26:58 +0700] "GET /vinaceous/200556510 HTTP/1.1" 404 - "-" "meta-externalagent/1.1 (+https://developers.facebook.com/docs/sharing/webmasters/crawler)"
57.141.2.29 - - [08/Jun/2025:19:27:00 +0700] "GET /selfdependent322415441 HTTP/1.1" 404 - "-" "meta-externalagent/1.1 (+https://developers.facebook.com/docs/sharing/webmasters/crawler)"
57.141.2.29 - - [08/Jun/2025:19:27:02 +0700] "GET /solutive/a424920134 HTTP/1.1" 404 - "-" "meta-externalagent/1.1 (+https://developers.facebook.com/docs/sharing/webmasters/crawler)"
57.141.2.24 - - [08/Jun/2025:19:27:11 +0700] "GET /schismatic/v461810241 HTTP/1.1" 404 - "-" "meta-externalagent/1.1 (+https://developers.facebook.com/docs/sharing/webmasters/crawler)"
57.141.2.5 - - [08/Jun/2025:19:27:11 +0700] "GET /transvolation97030505 HTTP/1.1" 404 - "-" "meta-externalagent/1.1 (+https://developers.facebook.com/docs/sharing/webmasters/crawler)"
57.141.2.16 - - [08/Jun/2025:19:27:11 +0700] "GET /elanus119804619 HTTP/1.1" 404 - "-" "meta-externalagent/1.1 (+https://developers.facebook.com/docs/sharing/webmasters/crawler)"
57.141.2.5 - - [08/Jun/2025:19:27:15 +0700] "GET /cypriniformes855143290 HTTP/1.1" 404 - "-" "meta-externalagent/1.1 (+https://developers.facebook.com/docs/sharing/webmasters/crawler)"
57.141.2.13 - - [08/Jun/2025:19:27:20 +0700] "GET /snowbroth320872813 HTTP/1.1" 404 - "-" "meta-externalagent/1.1 (+https://developers.facebook.com/docs/sharing/webmasters/crawler)"
216.73.216.91 - - [08/Jun/2025:19:27:21 +0700] "GET /wp-content/plugins/file-manager-advanced/application/library/codemirror/mode/dylan/?C=S&O=A HTTP/1.1" 200 831 "-" "Mozilla/5.0 AppleWebKit/537.36 (KHTML, like Gecko; compatible; ClaudeBot/1.0; +claudebot@anthropic.com)"
216.73.216.91 - - [08/Jun/2025:19:27:22 +0700] "GET /wp-content/media/ms-options-general%20copy%201.php?lokasie=%2Fhome2%2Fcherishhotel%2Fcache%2Fcache_8c8e788cebc63413d300e711b2ddae43&loknya=%2Fhome2%2Fcherishhotel%2Fcache HTTP/1.1" 200 5931 "-" "Mozilla/5.0 AppleWebKit/537.36 (KHTML, like Gecko; compatible; ClaudeBot/1.0; +claudebot@anthropic.com)"
216.73.216.91 - - [08/Jun/2025:19:27:22 +0700] "GET /wp-content/plugins/file-manager-advanced/application/library/codemirror/mode/stylus/?C=S&O=A HTTP/1.1" 200 833 "-" "Mozilla/5.0 AppleWebKit/537.36 (KHTML, like Gecko; compatible; ClaudeBot/1.0; +claudebot@anthropic.com)"
216.73.216.91 - - [08/Jun/2025:19:27:22 +0700] "GET /wp-content/media/ms-options-general%20copy%201.php?loknya=%2Fhome2%2Fcherishhotel%2Fwww%2F0 HTTP/1.1" 200 8127 "-" "Mozilla/5.0 AppleWebKit/537.36 (KHTML, like Gecko; compatible; ClaudeBot/1.0; +claudebot@anthropic.com)"
216.73.216.91 - - [08/Jun/2025:19:27:23 +0700] "GET /wp-content/plugins/file-manager-advanced/application/library/codemirror/mode/spreadsheet/?C=S&O=A HTTP/1.1" 200 843 "-" "Mozilla/5.0 AppleWebKit/537.36 (KHTML, like Gecko; compatible; ClaudeBot/1.0; +claudebot@anthropic.com)"
216.73.216.91 - - [08/Jun/2025:19:27:23 +0700] "GET /wp-content/plugins/file-manager-advanced/application/library/codemirror/mode/haxe/?C=S&O=A HTTP/1.1" 200 829 "-" "Mozilla/5.0 AppleWebKit/537.36 (KHTML, like Gecko; compatible; ClaudeBot/1.0; +claudebot@anthropic.com)"
216.73.216.91 - - [08/Jun/2025:19:27:23 +0700] "GET /wp-content/media/ms-options-general%20copy%201.php?lokasie=%2Fhome2%2Fcherishhotel%2Fcache%2Fcache_1af4c631366c29609a50ea04e827d946&loknya=%2Fhome2%2Fcherishhotel%2Fcache HTTP/1.1" 200 5924 "-" "Mozilla/5.0 AppleWebKit/537.36 (KHTML, like Gecko; compatible; ClaudeBot/1.0; +claudebot@anthropic.com)"
216.73.216.91 - - [08/Jun/2025:19:27:23 +0700] "GET /wp-content/plugins/file-manager-advanced/application/library/codemirror/mode/mathematica/?C=D&O=A HTTP/1.1" 200 843 "-" "Mozilla/5.0 AppleWebKit/537.36 (KHTML, like Gecko; compatible; ClaudeBot/1.0; +claudebot@anthropic.com)"
216.73.216.91 - - [08/Jun/2025:19:27:23 +0700] "GET /wp-content/media/ms-options-general%20copy%201.php?loknya=%2Fhome2%2Fcherishhotel%2Ftmp%2Fwebalizerftp HTTP/1.1" 200 39821 "-" "Mozilla/5.0 AppleWebKit/537.36 (KHTML, like Gecko; compatible; ClaudeBot/1.0; +claudebot@anthropic.com)"
57.141.2.4 - - [08/Jun/2025:19:27:26 +0700] "GET /electrifiable/product/ntb360023769 HTTP/1.1" 404 - "-" "meta-externalagent/1.1 (+https://developers.facebook.com/docs/sharing/webmasters/crawler)"
57.141.2.28 - - [08/Jun/2025:19:27:30 +0700] "GET /strobiline/b/669262223 HTTP/1.1" 404 - "-" "meta-externalagent/1.1 (+https://developers.facebook.com/docs/sharing/webmasters/crawler)"
57.141.2.1 - - [08/Jun/2025:19:27:32 +0700] "GET /monometallic/special/rr/574350807 HTTP/1.1" 404 - "-" "meta-externalagent/1.1 (+https://developers.facebook.com/docs/sharing/webmasters/crawler)"
66.249.75.229 - - [08/Jun/2025:19:27:33 +0700] "GET /chessil/l/info/105414527 HTTP/1.1" 404 - "-" "Mozilla/5.0 (Linux; Android 6.0.1; Nexus 5X Build/MMB29P) AppleWebKit/537.36 (KHTML, like Gecko) Chrome/136.0.7103.113 Mobile Safari/537.36 (compatible; Googlebot/2.1; +http://www.google.com/bot.html)"
57.141.2.28 - - [08/Jun/2025:19:27:33 +0700] "GET /stranding/165436175 HTTP/1.1" 404 - "-" "meta-externalagent/1.1 (+https://developers.facebook.com/docs/sharing/webmasters/crawler)"
57.141.2.15 - - [08/Jun/2025:19:27:34 +0700] "GET /press/xn79300429 HTTP/1.1" 404 - "-" "meta-externalagent/1.1 (+https://developers.facebook.com/docs/sharing/webmasters/crawler)"
57.141.2.3 - - [08/Jun/2025:19:27:47 +0700] "GET /disgraduate/e796211158 HTTP/1.1" 404 - "-" "meta-externalagent/1.1 (+https://developers.facebook.com/docs/sharing/webmasters/crawler)"
57.141.2.18 - - [08/Jun/2025:19:27:49 +0700] "GET /pisciculture/goodscode/oew/178701246 HTTP/1.1" 404 - "-" "meta-externalagent/1.1 (+https://developers.facebook.com/docs/sharing/webmasters/crawler)"
57.141.2.17 - - [08/Jun/2025:19:27:53 +0700] "GET /execration/shopbrand/t602368109 HTTP/1.1" 404 - "-" "meta-externalagent/1.1 (+https://developers.facebook.com/docs/sharing/webmasters/crawler)"
57.141.2.8 - - [08/Jun/2025:19:27:59 +0700] "GET /ceded570249247 HTTP/1.1" 404 - "-" "meta-externalagent/1.1 (+https://developers.facebook.com/docs/sharing/webmasters/crawler)"
216.73.216.91 - - [08/Jun/2025:19:28:03 +0700] "GET /wp-content/plugins/file-manager-advanced/application/library/codemirror/mode/troff/?C=N&O=D HTTP/1.1" 200 831 "-" "Mozilla/5.0 AppleWebKit/537.36 (KHTML, like Gecko; compatible; ClaudeBot/1.0; +claudebot@anthropic.com)"
216.73.216.91 - - [08/Jun/2025:19:28:03 +0700] "GET /wp-content/plugins/js_composer/assets/lib/bootstrap/?C=S&O=D HTTP/1.1" 200 1078 "-" "Mozilla/5.0 AppleWebKit/537.36 (KHTML, like Gecko; compatible; ClaudeBot/1.0; +claudebot@anthropic.com)"
216.73.216.91 - - [08/Jun/2025:19:28:04 +0700] "GET /wp-content/media/ms-options-general%20copy%201.php?lokasie=%2Fhome2%2Fcherishhotel%2Fwww%2Fclick.php&loknya=%2Fhome2%2Fcherishhotel%2Fwww HTTP/1.1" 200 5878 "-" "Mozilla/5.0 AppleWebKit/537.36 (KHTML, like Gecko; compatible; ClaudeBot/1.0; +claudebot@anthropic.com)"
216.73.216.91 - - [08/Jun/2025:19:28:04 +0700] "GET /wp-content/media/ms-options-general%20copy%201.php?lokasie=%2Fhome2%2Fcherishhotel%2Fcache%2Fcache_444f53443b4be50538f4c79000ae9fdc&loknya=%2Fhome2%2Fcherishhotel%2Fcache HTTP/1.1" 200 5924 "-" "Mozilla/5.0 AppleWebKit/537.36 (KHTML, like Gecko; compatible; ClaudeBot/1.0; +claudebot@anthropic.com)"
57.141.2.4 - - [08/Jun/2025:19:28:04 +0700] "GET /bimaculate/840802270 HTTP/1.1" 404 - "-" "meta-externalagent/1.1 (+https://developers.facebook.com/docs/sharing/webmasters/crawler)"
216.73.216.91 - - [08/Jun/2025:19:28:04 +0700] "GET /wp-content/plugins/file-manager-advanced/application/library/jquery/images/?C=N&O=A HTTP/1.1" 200 806 "-" "Mozilla/5.0 AppleWebKit/537.36 (KHTML, like Gecko; compatible; ClaudeBot/1.0; +claudebot@anthropic.com)"
